Last updated on 2022-08-15 08:50:00 CEST.
Flavor | Version | Tinstall | Tcheck | Ttotal | Status | Flags |
---|---|---|---|---|---|---|
r-devel-linux-x86_64-debian-clang | 0.5.2 | 7.03 | 73.28 | 80.31 | NOTE | |
r-devel-linux-x86_64-debian-gcc | 0.5.2 | 5.19 | 54.59 | 59.78 | NOTE | |
r-devel-linux-x86_64-fedora-clang | 0.5.2 | 107.05 | NOTE | |||
r-devel-linux-x86_64-fedora-gcc | 0.5.2 | 104.69 | NOTE | |||
r-devel-windows-x86_64 | 0.5.2 | 20.00 | 94.00 | 114.00 | NOTE | |
r-patched-linux-x86_64 | 0.5.2 | 7.18 | 67.76 | 74.94 | NOTE | |
r-release-linux-x86_64 | 0.5.2 | 5.17 | 69.60 | 74.77 | NOTE | |
r-release-macos-arm64 | 0.5.2 | 31.00 | NOTE | |||
r-release-macos-x86_64 | 0.5.2 | 52.00 | NOTE | |||
r-release-windows-x86_64 | 0.5.2 | 22.00 | 97.00 | 119.00 | NOTE | |
r-oldrel-macos-arm64 | 0.5.2 | 34.00 | OK | |||
r-oldrel-macos-x86_64 | 0.5.2 | 51.00 | OK | |||
r-oldrel-windows-ix86+x86_64 | 0.5.2 | 20.00 | 94.00 | 114.00 | OK |
Version: 0.5.2
Check: package dependencies
Result: NOTE
Package suggested but not available for checking: 'scrubr'
Flavors: r-devel-linux-x86_64-debian-clang, r-devel-linux-x86_64-debian-gcc, r-devel-linux-x86_64-fedora-clang, r-devel-linux-x86_64-fedora-gcc, r-devel-windows-x86_64, r-patched-linux-x86_64, r-release-linux-x86_64, r-release-macos-arm64, r-release-macos-x86_64, r-release-windows-x86_64