Last updated on 2022-08-15 08:50:00 CEST.
Flavor | Version | Tinstall | Tcheck | Ttotal | Status | Flags |
---|---|---|---|---|---|---|
r-devel-linux-x86_64-debian-clang | 3.4.0 | 9.13 | 41.02 | 50.15 | NOTE | |
r-devel-linux-x86_64-debian-gcc | 3.4.0 | 6.46 | 31.73 | 38.19 | NOTE | |
r-devel-linux-x86_64-fedora-clang | 3.4.0 | 72.30 | NOTE | |||
r-devel-linux-x86_64-fedora-gcc | 3.4.0 | 69.29 | NOTE | |||
r-devel-windows-x86_64 | 3.4.0 | 39.00 | 75.00 | 114.00 | NOTE | |
r-patched-linux-x86_64 | 3.4.0 | 7.45 | 39.38 | 46.83 | OK | |
r-release-linux-x86_64 | 3.4.0 | 8.03 | 39.08 | 47.11 | OK | |
r-release-macos-arm64 | 3.4.0 | 27.00 | OK | |||
r-release-macos-x86_64 | 3.4.0 | 37.00 | OK | |||
r-release-windows-x86_64 | 3.4.0 | 54.00 | 65.00 | 119.00 | OK | |
r-oldrel-macos-arm64 | 3.4.0 | 27.00 | OK | |||
r-oldrel-macos-x86_64 | 3.4.0 | 51.00 | OK | |||
r-oldrel-windows-ix86+x86_64 | 3.4.0 | 32.00 | 69.00 | 101.00 | OK |
Version: 3.4.0
Check: Rd files
Result: NOTE
checkRd: (-1) county.Rd:33: Escaped LaTeX specials: \&
checkRd: (-1) county.Rd:37: Escaped LaTeX specials: \&
checkRd: (-1) france.Rd:47: Escaped LaTeX specials: \&
checkRd: (-1) france.Rd:51: Escaped LaTeX specials: \&
checkRd: (-1) italy.Rd:39: Escaped LaTeX specials: \&
checkRd: (-1) italy.Rd:43: Escaped LaTeX specials: \&
checkRd: (-1) match.map.Rd:56: Escaped LaTeX specials: \&
checkRd: (-1) nz.Rd:33: Escaped LaTeX specials: \&
checkRd: (-1) nz.Rd:37: Escaped LaTeX specials: \&
checkRd: (-1) state.Rd:32: Escaped LaTeX specials: \&
checkRd: (-1) state.Rd:36: Escaped LaTeX specials: \&
checkRd: (-1) state.carto.Rd:40: Escaped LaTeX specials: \&
checkRd: (-1) state.carto.Rd:44: Escaped LaTeX specials: \&
checkRd: (-1) state.vbm.Rd:41: Escaped LaTeX specials: \&
checkRd: (-1) state.vbm.Rd:45: Escaped LaTeX specials: \&
checkRd: (-1) usa.Rd:32: Escaped LaTeX specials: \&
checkRd: (-1) usa.Rd:36: Escaped LaTeX specials: \&
checkRd: (-1) world.Rd:41: Escaped LaTeX specials: \&
checkRd: (-1) world.Rd:45: Escaped LaTeX specials: \&
checkRd: (-1) world2.Rd:50: Escaped LaTeX specials: \&
checkRd: (-1) world2.Rd:54: Escaped LaTeX specials: \&
Flavors: r-devel-linux-x86_64-debian-clang, r-devel-linux-x86_64-debian-gcc, r-devel-linux-x86_64-fedora-clang, r-devel-linux-x86_64-fedora-gcc, r-devel-windows-x86_64
Version: 3.4.0
Check: Rd cross-references
Result: NOTE
Undeclared package ‘rgdal’ in Rd xrefs
Flavor: r-devel-linux-x86_64-fedora-clang