Last updated on 2022-08-15 08:50:00 CEST.
Flavor | Version | Tinstall | Tcheck | Ttotal | Status | Flags |
---|---|---|---|---|---|---|
r-devel-linux-x86_64-debian-clang | 0.0.6 | 40.03 | 79.15 | 119.18 | OK | |
r-devel-linux-x86_64-debian-gcc | 0.0.6 | 36.51 | 59.19 | 95.70 | OK | |
r-devel-linux-x86_64-fedora-clang | 0.0.6 | 171.63 | OK | |||
r-devel-linux-x86_64-fedora-gcc | 0.0.6 | 177.05 | OK | |||
r-devel-windows-x86_64 | 0.0.6 | 56.00 | 124.00 | 180.00 | OK | |
r-patched-linux-x86_64 | 0.0.6 | 40.78 | 73.59 | 114.37 | OK | |
r-release-linux-x86_64 | 0.0.6 | 39.40 | 74.08 | 113.48 | OK | |
r-release-macos-arm64 | 0.0.6 | 42.00 | NOTE | |||
r-release-macos-x86_64 | 0.0.6 | 62.00 | NOTE | |||
r-release-windows-x86_64 | 0.0.6 | 73.00 | 125.00 | 198.00 | OK | |
r-oldrel-macos-arm64 | 0.0.6 | 61.00 | NOTE | |||
r-oldrel-macos-x86_64 | 0.0.6 | 62.00 | NOTE | |||
r-oldrel-windows-ix86+x86_64 | 0.0.6 | 114.00 | 147.00 | 261.00 | NOTE |
Version: 0.0.6
Check: installed package size
Result: NOTE
installed size is 5.5Mb
sub-directories of 1Mb or more:
doc 2.8Mb
libs 2.0Mb
Flavors: r-release-macos-arm64, r-release-macos-x86_64, r-oldrel-macos-arm64, r-oldrel-macos-x86_64, r-oldrel-windows-ix86+x86_64