Last updated on 2022-08-15 08:50:00 CEST.
Flavor | Version | Tinstall | Tcheck | Ttotal | Status | Flags |
---|---|---|---|---|---|---|
r-devel-linux-x86_64-debian-clang | 2.11.0 | 41.09 | 359.48 | 400.57 | OK | |
r-devel-linux-x86_64-debian-gcc | 2.11.0 | 30.14 | 268.41 | 298.55 | OK | |
r-devel-linux-x86_64-fedora-clang | 2.11.0 | 478.01 | NOTE | |||
r-devel-linux-x86_64-fedora-gcc | 2.11.0 | 475.84 | NOTE | |||
r-devel-windows-x86_64 | 2.11.0 | 57.00 | 344.00 | 401.00 | OK | |
r-patched-linux-x86_64 | 2.11.0 | 37.07 | 346.64 | 383.71 | OK | |
r-release-linux-x86_64 | 2.11.0 | 26.26 | 349.15 | 375.41 | OK | |
r-release-macos-arm64 | 2.11.0 | 93.00 | NOTE | |||
r-release-macos-x86_64 | 2.11.0 | 153.00 | NOTE | |||
r-release-windows-x86_64 | 2.11.0 | 60.00 | 349.00 | 409.00 | OK | |
r-oldrel-macos-arm64 | 2.11.0 | 82.00 | NOTE | |||
r-oldrel-macos-x86_64 | 2.11.0 | 142.00 | NOTE | |||
r-oldrel-windows-ix86+x86_64 | 2.11.0 | 92.00 | 358.00 | 450.00 | OK |
Version: 2.11.0
Check: data for non-ASCII characters
Result: NOTE
Note: found 1 marked UTF-8 string
Flavors: r-devel-linux-x86_64-fedora-clang, r-devel-linux-x86_64-fedora-gcc, r-release-macos-arm64, r-release-macos-x86_64, r-oldrel-macos-arm64, r-oldrel-macos-x86_64