Last updated on 2022-08-15 08:50:00 CEST.
Flavor | Version | Tinstall | Tcheck | Ttotal | Status | Flags |
---|---|---|---|---|---|---|
r-devel-linux-x86_64-debian-clang | 0.1.3 | 33.44 | 185.87 | 219.31 | OK | |
r-devel-linux-x86_64-debian-gcc | 0.1.3 | 25.13 | 136.01 | 161.14 | OK | |
r-devel-linux-x86_64-fedora-clang | 0.1.3 | 259.33 | NOTE | |||
r-devel-linux-x86_64-fedora-gcc | 0.1.3 | 266.87 | NOTE | |||
r-devel-windows-x86_64 | 0.1.3 | 40.00 | 189.00 | 229.00 | NOTE | |
r-patched-linux-x86_64 | 0.1.3 | 32.66 | 175.21 | 207.87 | OK | |
r-release-linux-x86_64 | 0.1.3 | 26.30 | 172.94 | 199.24 | OK | |
r-release-macos-arm64 | 0.1.3 | 63.00 | NOTE | |||
r-release-macos-x86_64 | 0.1.3 | 97.00 | NOTE | |||
r-release-windows-x86_64 | 0.1.3 | 50.00 | 185.00 | 235.00 | NOTE | |
r-oldrel-macos-arm64 | 0.1.3 | 64.00 | NOTE | |||
r-oldrel-macos-x86_64 | 0.1.3 | 92.00 | NOTE | |||
r-oldrel-windows-ix86+x86_64 | 0.1.3 | 61.00 | 191.00 | 252.00 | NOTE |
Version: 0.1.3
Check: installed package size
Result: NOTE
installed size is 5.2Mb
sub-directories of 1Mb or more:
data 5.0Mb
Flavors: r-devel-linux-x86_64-fedora-clang, r-devel-windows-x86_64, r-release-macos-arm64, r-release-macos-x86_64, r-release-windows-x86_64, r-oldrel-macos-arm64, r-oldrel-macos-x86_64, r-oldrel-windows-ix86+x86_64
Version: 0.1.3
Check: data for non-ASCII characters
Result: NOTE
Note: found 521 marked UTF-8 strings
Flavors: r-devel-linux-x86_64-fedora-clang, r-devel-linux-x86_64-fedora-gcc, r-release-macos-arm64, r-release-macos-x86_64, r-oldrel-macos-arm64, r-oldrel-macos-x86_64