Last updated on 2022-08-15 08:50:00 CEST.
Flavor | Version | Tinstall | Tcheck | Ttotal | Status | Flags |
---|---|---|---|---|---|---|
r-devel-linux-x86_64-debian-clang | 1.2.6 | 35.16 | 226.12 | 261.28 | OK | |
r-devel-linux-x86_64-debian-gcc | 1.2.6 | 28.80 | 169.53 | 198.33 | OK | |
r-devel-linux-x86_64-fedora-clang | 1.2.6 | 322.48 | NOTE | |||
r-devel-linux-x86_64-fedora-gcc | 1.2.6 | 336.67 | NOTE | |||
r-devel-windows-x86_64 | 1.2.6 | 62.00 | 264.00 | 326.00 | OK | |
r-patched-linux-x86_64 | 1.2.6 | 35.66 | 209.95 | 245.61 | OK | |
r-release-linux-x86_64 | 1.2.6 | 33.88 | 213.35 | 247.23 | OK | |
r-release-macos-arm64 | 1.2.6 | 93.00 | NOTE | |||
r-release-macos-x86_64 | 1.2.6 | 153.00 | NOTE | |||
r-release-windows-x86_64 | 1.2.6 | 66.00 | 260.00 | 326.00 | OK | |
r-oldrel-macos-arm64 | 1.2.6 | 114.00 | NOTE | |||
r-oldrel-macos-x86_64 | 1.2.6 | 139.00 | NOTE | |||
r-oldrel-windows-ix86+x86_64 | 1.2.6 | 85.00 | 298.00 | 383.00 | OK |
Version: 1.2.6
Check: dependencies in R code
Result: NOTE
Namespaces in Imports field not imported from:
‘bookdown’ ‘kableExtra’ ‘knitr’
All declared Imports should be used.
Flavors: r-devel-linux-x86_64-fedora-clang, r-devel-linux-x86_64-fedora-gcc, r-release-macos-arm64, r-release-macos-x86_64, r-oldrel-macos-arm64, r-oldrel-macos-x86_64