Last updated on 2022-08-15 08:50:00 CEST.
Flavor | Version | Tinstall | Tcheck | Ttotal | Status | Flags |
---|---|---|---|---|---|---|
r-devel-linux-x86_64-debian-clang | 1.1.0 | 79.44 | 286.62 | 366.06 | OK | |
r-devel-linux-x86_64-debian-gcc | 1.1.0 | 69.46 | 204.84 | 274.30 | OK | |
r-devel-linux-x86_64-fedora-clang | 1.1.0 | 442.09 | OK | |||
r-devel-linux-x86_64-fedora-gcc | 1.1.0 | 444.11 | OK | |||
r-devel-windows-x86_64 | 1.1.0 | 113.00 | 385.00 | 498.00 | OK | |
r-patched-linux-x86_64 | 1.1.0 | 68.06 | 270.79 | 338.85 | OK | |
r-release-linux-x86_64 | 1.1.0 | 71.32 | 267.18 | 338.50 | OK | |
r-release-macos-arm64 | 1.1.0 | 156.00 | NOTE | |||
r-release-macos-x86_64 | 1.1.0 | 157.00 | NOTE | |||
r-release-windows-x86_64 | 1.1.0 | 110.00 | 382.00 | 492.00 | OK | |
r-oldrel-macos-arm64 | 1.1.0 | 148.00 | NOTE | |||
r-oldrel-macos-x86_64 | 1.1.0 | 158.00 | NOTE | |||
r-oldrel-windows-ix86+x86_64 | 1.1.0 | 137.00 | 453.00 | 590.00 | OK |
Version: 1.1.0
Check: installed package size
Result: NOTE
installed size is 5.5Mb
sub-directories of 1Mb or more:
libs 3.3Mb
Flavors: r-release-macos-arm64, r-release-macos-x86_64, r-oldrel-macos-arm64, r-oldrel-macos-x86_64