Last updated on 2022-08-15 08:50:00 CEST.
Flavor | Version | Tinstall | Tcheck | Ttotal | Status | Flags |
---|---|---|---|---|---|---|
r-devel-linux-x86_64-debian-clang | 1.0-2 | 223.66 | 160.73 | 384.39 | OK | |
r-devel-linux-x86_64-debian-gcc | 1.0-2 | 172.67 | 119.41 | 292.08 | OK | |
r-devel-linux-x86_64-fedora-clang | 1.0-2 | 529.25 | NOTE | |||
r-devel-linux-x86_64-fedora-gcc | 1.0-2 | 506.38 | OK | |||
r-devel-windows-x86_64 | 1.0-2 | 234.00 | 239.00 | 473.00 | NOTE | |
r-patched-linux-x86_64 | 1.0-2 | 176.51 | 152.65 | 329.16 | OK | |
r-release-linux-x86_64 | 1.0-2 | 191.53 | 152.48 | 344.01 | OK | |
r-release-macos-arm64 | 1.0-2 | 136.00 | NOTE | |||
r-release-macos-x86_64 | 1.0-2 | 157.00 | NOTE | |||
r-release-windows-x86_64 | 1.0-2 | 187.00 | 240.00 | 427.00 | NOTE | |
r-oldrel-macos-arm64 | 1.0-2 | 182.00 | NOTE | |||
r-oldrel-macos-x86_64 | 1.0-2 | 226.00 | NOTE | |||
r-oldrel-windows-ix86+x86_64 | 1.0-2 | 507.00 | 233.00 | 740.00 | NOTE |
Version: 1.0-2
Check: installed package size
Result: NOTE
installed size is 5.4Mb
sub-directories of 1Mb or more:
java 3.3Mb
Flavors: r-devel-linux-x86_64-fedora-clang, r-devel-windows-x86_64, r-release-macos-arm64, r-release-macos-x86_64, r-release-windows-x86_64, r-oldrel-macos-arm64, r-oldrel-macos-x86_64, r-oldrel-windows-ix86+x86_64