Last updated on 2022-08-15 08:50:00 CEST.
Flavor | Version | Tinstall | Tcheck | Ttotal | Status | Flags |
---|---|---|---|---|---|---|
r-devel-linux-x86_64-debian-clang | 1.0.4 | 4.58 | 60.53 | 65.11 | NOTE | |
r-devel-linux-x86_64-debian-gcc | 1.0.4 | 3.26 | 45.95 | 49.21 | NOTE | |
r-devel-linux-x86_64-fedora-clang | 1.0.4 | 88.91 | NOTE | |||
r-devel-linux-x86_64-fedora-gcc | 1.0.4 | 86.24 | NOTE | |||
r-devel-windows-x86_64 | 1.0.4 | 28.00 | 96.00 | 124.00 | NOTE | |
r-patched-linux-x86_64 | 1.0.4 | 4.02 | 58.08 | 62.10 | OK | |
r-release-linux-x86_64 | 1.0.4 | 5.03 | 58.47 | 63.50 | OK | |
r-release-macos-arm64 | 1.0.4 | 31.00 | OK | |||
r-release-macos-x86_64 | 1.0.4 | 49.00 | OK | |||
r-release-windows-x86_64 | 1.0.4 | 32.00 | 107.00 | 139.00 | OK | |
r-oldrel-macos-arm64 | 1.0.4 | 29.00 | OK | |||
r-oldrel-macos-x86_64 | 1.0.4 | 48.00 | OK | |||
r-oldrel-windows-ix86+x86_64 | 1.0.4 | 13.00 | 100.00 | 113.00 | OK |
Version: 1.0.4
Check: Rd files
Result: NOTE
checkRd: (-1) size_t-class.Rd:6: Escaped LaTeX specials: \_
Flavors: r-devel-linux-x86_64-debian-clang, r-devel-linux-x86_64-debian-gcc, r-devel-linux-x86_64-fedora-clang, r-devel-linux-x86_64-fedora-gcc, r-devel-windows-x86_64