Last updated on 2022-08-15 08:50:00 CEST.
Flavor | Version | Tinstall | Tcheck | Ttotal | Status | Flags |
---|---|---|---|---|---|---|
r-devel-linux-x86_64-debian-clang | 0.9.5 | 7.31 | 81.99 | 89.30 | OK | |
r-devel-linux-x86_64-debian-gcc | 0.9.5 | 6.01 | 61.17 | 67.18 | OK | |
r-devel-linux-x86_64-fedora-clang | 0.9.5 | 116.39 | OK | |||
r-devel-linux-x86_64-fedora-gcc | 0.9.5 | 111.20 | OK | |||
r-devel-windows-x86_64 | 0.9.5 | 35.00 | 132.00 | 167.00 | OK | |
r-patched-linux-x86_64 | 0.9.5 | 7.68 | 76.28 | 83.96 | OK | |
r-release-linux-x86_64 | 0.9.5 | 8.14 | 76.22 | 84.36 | OK | |
r-release-macos-arm64 | 0.9.5 | 43.00 | NOTE | |||
r-release-macos-x86_64 | 0.9.5 | 63.00 | NOTE | |||
r-release-windows-x86_64 | 0.9.5 | 36.00 | 134.00 | 170.00 | OK | |
r-oldrel-macos-arm64 | 0.9.5 | 51.00 | NOTE | |||
r-oldrel-macos-x86_64 | 0.9.5 | 69.00 | NOTE | |||
r-oldrel-windows-ix86+x86_64 | 0.9.5 | 17.00 | 114.00 | 131.00 | OK |
Version: 0.9.5
Check: package dependencies
Result: NOTE
Package suggested but not available for checking: ‘webshot2’
Flavors: r-release-macos-arm64, r-release-macos-x86_64, r-oldrel-macos-arm64, r-oldrel-macos-x86_64