Last updated on 2022-08-15 08:50:00 CEST.
Flavor | Version | Tinstall | Tcheck | Ttotal | Status | Flags |
---|---|---|---|---|---|---|
r-devel-linux-x86_64-debian-clang | 0.8.2 | 22.49 | 68.58 | 91.07 | NOTE | |
r-devel-linux-x86_64-debian-gcc | 0.8.2 | 16.70 | 50.23 | 66.93 | NOTE | |
r-devel-linux-x86_64-fedora-clang | 0.8.2 | 124.94 | NOTE | |||
r-devel-linux-x86_64-fedora-gcc | 0.8.2 | 116.12 | NOTE | |||
r-devel-windows-x86_64 | 0.8.2 | 44.00 | 119.00 | 163.00 | NOTE | |
r-patched-linux-x86_64 | 0.8.2 | 18.15 | 63.33 | 81.48 | NOTE | |
r-release-linux-x86_64 | 0.8.2 | 16.63 | 63.12 | 79.75 | NOTE | |
r-release-macos-arm64 | 0.8.2 | 35.00 | NOTE | |||
r-release-macos-x86_64 | 0.8.2 | 62.00 | NOTE | |||
r-release-windows-x86_64 | 0.8.2 | 37.00 | 120.00 | 157.00 | NOTE | |
r-oldrel-macos-arm64 | 0.8.2 | 45.00 | NOTE | |||
r-oldrel-macos-x86_64 | 0.8.2 | 54.00 | NOTE | |||
r-oldrel-windows-ix86+x86_64 | 0.8.2 | 60.00 | 122.00 | 182.00 | NOTE |
Version: 0.8.2
Check: LazyData
Result: NOTE
'LazyData' is specified without a 'data' directory
Flavors: r-devel-linux-x86_64-debian-clang, r-devel-linux-x86_64-debian-gcc, r-devel-linux-x86_64-fedora-clang, r-devel-linux-x86_64-fedora-gcc, r-devel-windows-x86_64, r-patched-linux-x86_64, r-release-linux-x86_64, r-release-macos-arm64, r-release-macos-x86_64, r-release-windows-x86_64, r-oldrel-macos-arm64, r-oldrel-macos-x86_64, r-oldrel-windows-ix86+x86_64