Last updated on 2022-08-15 08:50:00 CEST.
Flavor | Version | Tinstall | Tcheck | Ttotal | Status | Flags |
---|---|---|---|---|---|---|
r-devel-linux-x86_64-debian-clang | 1.1.3 | 158.30 | 55.15 | 213.45 | OK | |
r-devel-linux-x86_64-debian-gcc | 1.1.3 | 111.76 | 42.08 | 153.84 | OK | |
r-devel-linux-x86_64-fedora-clang | 1.1.3 | 317.22 | OK | |||
r-devel-linux-x86_64-fedora-gcc | 1.1.3 | 265.34 | OK | |||
r-devel-windows-x86_64 | 1.1.3 | 197.00 | 115.00 | 312.00 | OK | |
r-patched-linux-x86_64 | 1.1.3 | 125.89 | 50.52 | 176.41 | OK | |
r-release-linux-x86_64 | 1.1.3 | 109.10 | 50.07 | 159.17 | OK | |
r-release-macos-arm64 | 1.1.3 | 67.00 | NOTE | |||
r-release-macos-x86_64 | 1.1.3 | 89.00 | NOTE | |||
r-release-windows-x86_64 | 1.1.3 | 248.00 | 112.00 | 360.00 | OK | |
r-oldrel-macos-arm64 | 1.1.3 | 100.00 | NOTE | |||
r-oldrel-macos-x86_64 | 1.1.3 | 91.00 | NOTE | |||
r-oldrel-windows-ix86+x86_64 | 1.1.3 | 337.00 | 132.00 | 469.00 | OK |
Version: 1.1.3
Check: installed package size
Result: NOTE
installed size is 7.7Mb
sub-directories of 1Mb or more:
libs 7.2Mb
Flavors: r-release-macos-arm64, r-release-macos-x86_64, r-oldrel-macos-arm64, r-oldrel-macos-x86_64