Last updated on 2022-08-15 08:50:00 CEST.
Flavor | Version | Tinstall | Tcheck | Ttotal | Status | Flags |
---|---|---|---|---|---|---|
r-devel-linux-x86_64-debian-gcc | 2.5.2 | 2.50 | 22.06 | 24.56 | OK | |
r-devel-linux-x86_64-fedora-clang | 2.5.2 | 49.06 | NOTE | |||
r-devel-linux-x86_64-fedora-gcc | 2.5.2 | 49.54 | OK | |||
r-devel-windows-x86_64 | 2.5.2 | 18.00 | 60.00 | 78.00 | OK | |
r-patched-linux-x86_64 | 2.5.2 | 3.23 | 26.94 | 30.17 | OK | |
r-release-linux-x86_64 | 2.5.2 | 2.90 | 27.70 | 30.60 | OK | |
r-release-macos-arm64 | 2.5.2 | 16.00 | OK | |||
r-release-macos-x86_64 | 2.5.2 | 24.00 | OK | |||
r-release-windows-x86_64 | 2.5.2 | 5.00 | 77.00 | 82.00 | OK | |
r-oldrel-macos-arm64 | 2.5.2 | 19.00 | OK | |||
r-oldrel-macos-x86_64 | 2.5.2 | 27.00 | OK | |||
r-oldrel-windows-ix86+x86_64 | 2.5.2 | 7.00 | 68.00 | 75.00 | OK |
Version: 2.5.2
Check: Rd cross-references
Result: NOTE
Undeclared package ‘tracerer’ in Rd xrefs
Flavor: r-devel-linux-x86_64-fedora-clang