Last updated on 2022-08-15 08:50:00 CEST.
Flavor | Version | Tinstall | Tcheck | Ttotal | Status | Flags |
---|---|---|---|---|---|---|
r-devel-linux-x86_64-debian-clang | 0.0.2 | 1.82 | 28.58 | 30.40 | OK | --no-vignettes |
r-devel-linux-x86_64-debian-gcc | 0.0.2 | 2.05 | 22.05 | 24.10 | OK | --no-vignettes |
r-devel-linux-x86_64-fedora-clang | 0.0.2 | 988.07 | OK | |||
r-devel-linux-x86_64-fedora-gcc | 0.0.2 | 1045.87 | OK | |||
r-devel-windows-x86_64 | 0.0.2 | 13.00 | 803.00 | 816.00 | NOTE | |
r-patched-linux-x86_64 | 0.0.2 | 1.67 | 26.24 | 27.91 | OK | --no-vignettes |
r-release-linux-x86_64 | 0.0.2 | 2.16 | 26.81 | 28.97 | OK | --no-vignettes |
r-release-macos-arm64 | 0.0.2 | 174.00 | OK | |||
r-release-macos-x86_64 | 0.0.2 | 288.00 | OK | |||
r-release-windows-x86_64 | 0.0.2 | 14.00 | 777.00 | 791.00 | NOTE | |
r-oldrel-macos-arm64 | 0.0.2 | 172.00 | OK | |||
r-oldrel-macos-x86_64 | 0.0.2 | 239.00 | OK | |||
r-oldrel-windows-ix86+x86_64 | 0.0.2 | 6.00 | 1018.00 | 1024.00 | NOTE |
Version: 0.0.2
Check: package dependencies
Result: NOTE
Package suggested but not available for checking: 'doMC'
Flavors: r-devel-windows-x86_64, r-release-windows-x86_64, r-oldrel-windows-ix86+x86_64