Last updated on 2022-08-15 08:50:00 CEST.
Flavor | Version | Tinstall | Tcheck | Ttotal | Status | Flags |
---|---|---|---|---|---|---|
r-devel-linux-x86_64-debian-clang | 1.3.1 | 2.29 | 27.28 | 29.57 | NOTE | |
r-devel-linux-x86_64-debian-gcc | 1.3.1 | 1.58 | 20.46 | 22.04 | NOTE | |
r-devel-linux-x86_64-fedora-clang | 1.3.1 | 46.82 | NOTE | |||
r-devel-linux-x86_64-fedora-gcc | 1.3.1 | 44.09 | NOTE | |||
r-devel-windows-x86_64 | 1.3.1 | 11.00 | 55.00 | 66.00 | NOTE | |
r-patched-linux-x86_64 | 1.3.1 | 1.88 | 26.35 | 28.23 | NOTE | |
r-release-linux-x86_64 | 1.3.1 | 1.56 | 25.35 | 26.91 | NOTE | |
r-release-macos-arm64 | 1.3.1 | 19.00 | NOTE | |||
r-release-macos-x86_64 | 1.3.1 | 23.00 | NOTE | |||
r-release-windows-x86_64 | 1.3.1 | 8.00 | 53.00 | 61.00 | NOTE | |
r-oldrel-macos-arm64 | 1.3.1 | 18.00 | NOTE | |||
r-oldrel-macos-x86_64 | 1.3.1 | 28.00 | NOTE | |||
r-oldrel-windows-ix86+x86_64 | 1.3.1 | 5.00 | 44.00 | 49.00 | NOTE |
Version: 1.3.1
Check: LazyData
Result: NOTE
'LazyData' is specified without a 'data' directory
Flavors: r-devel-linux-x86_64-debian-clang, r-devel-linux-x86_64-debian-gcc, r-devel-linux-x86_64-fedora-clang, r-devel-linux-x86_64-fedora-gcc, r-devel-windows-x86_64, r-patched-linux-x86_64, r-release-linux-x86_64, r-release-macos-arm64, r-release-macos-x86_64, r-release-windows-x86_64, r-oldrel-macos-arm64, r-oldrel-macos-x86_64, r-oldrel-windows-ix86+x86_64