Last updated on 2022-08-15 08:50:00 CEST.
Flavor | Version | Tinstall | Tcheck | Ttotal | Status | Flags |
---|---|---|---|---|---|---|
r-devel-linux-x86_64-debian-clang | 0.6 | 12.38 | 212.27 | 224.65 | NOTE | |
r-devel-linux-x86_64-debian-gcc | 0.6 | 9.39 | 158.06 | 167.45 | NOTE | |
r-devel-linux-x86_64-fedora-clang | 0.6 | 271.70 | NOTE | |||
r-devel-linux-x86_64-fedora-gcc | 0.6 | 274.21 | NOTE | |||
r-devel-windows-x86_64 | 0.6 | 23.00 | 238.00 | 261.00 | NOTE | |
r-patched-linux-x86_64 | 0.6 | 17.29 | 205.29 | 222.58 | NOTE | |
r-release-linux-x86_64 | 0.6 | 11.30 | 202.66 | 213.96 | NOTE | |
r-release-macos-arm64 | 0.6 | 65.00 | NOTE | |||
r-release-macos-x86_64 | 0.6 | 115.00 | NOTE | |||
r-release-windows-x86_64 | 0.6 | 30.00 | 235.00 | 265.00 | NOTE | |
r-oldrel-macos-arm64 | 0.6 | 77.00 | NOTE | |||
r-oldrel-macos-x86_64 | 0.6 | 110.00 | NOTE | |||
r-oldrel-windows-ix86+x86_64 | 0.6 | 32.00 | 416.00 | 448.00 | NOTE |
Version: 0.6
Check: LazyData
Result: NOTE
'LazyData' is specified without a 'data' directory
Flavors: r-devel-linux-x86_64-debian-clang, r-devel-linux-x86_64-debian-gcc, r-devel-linux-x86_64-fedora-clang, r-devel-linux-x86_64-fedora-gcc, r-devel-windows-x86_64, r-patched-linux-x86_64, r-release-linux-x86_64, r-release-macos-arm64, r-release-macos-x86_64, r-release-windows-x86_64, r-oldrel-macos-arm64, r-oldrel-macos-x86_64, r-oldrel-windows-ix86+x86_64
Version: 0.6
Check: Rd cross-references
Result: NOTE
Undeclared packages ‘logistf’, ‘brglm’ in Rd xrefs
Flavor: r-devel-linux-x86_64-fedora-clang