Last updated on 2022-08-15 08:50:00 CEST.
Flavor | Version | Tinstall | Tcheck | Ttotal | Status | Flags |
---|---|---|---|---|---|---|
r-devel-linux-x86_64-debian-clang | 0.7.0 | 19.47 | 152.35 | 171.82 | NOTE | |
r-devel-linux-x86_64-debian-gcc | 0.7.0 | 15.14 | 110.71 | 125.85 | NOTE | |
r-devel-linux-x86_64-fedora-clang | 0.7.0 | 206.90 | NOTE | |||
r-devel-linux-x86_64-fedora-gcc | 0.7.0 | 216.41 | NOTE | |||
r-devel-windows-x86_64 | 0.7.0 | 25.00 | 162.00 | 187.00 | NOTE | |
r-patched-linux-x86_64 | 0.7.0 | 15.34 | 142.01 | 157.35 | NOTE | |
r-release-linux-x86_64 | 0.7.0 | 11.61 | 140.88 | 152.49 | NOTE | |
r-release-macos-arm64 | 0.7.0 | 52.00 | NOTE | |||
r-release-macos-x86_64 | 0.7.0 | 89.00 | NOTE | |||
r-release-windows-x86_64 | 0.7.0 | 24.00 | 158.00 | 182.00 | NOTE | |
r-oldrel-macos-arm64 | 0.7.0 | 60.00 | NOTE | |||
r-oldrel-macos-x86_64 | 0.7.0 | 92.00 | NOTE | |||
r-oldrel-windows-ix86+x86_64 | 0.7.0 | 41.00 | 161.00 | 202.00 | NOTE |
Version: 0.7.0
Check: LazyData
Result: NOTE
'LazyData' is specified without a 'data' directory
Flavors: r-devel-linux-x86_64-debian-clang, r-devel-linux-x86_64-debian-gcc, r-devel-linux-x86_64-fedora-clang, r-devel-linux-x86_64-fedora-gcc, r-devel-windows-x86_64, r-patched-linux-x86_64, r-release-linux-x86_64, r-release-macos-arm64, r-release-macos-x86_64, r-release-windows-x86_64, r-oldrel-macos-arm64, r-oldrel-macos-x86_64, r-oldrel-windows-ix86+x86_64