Last updated on 2022-08-15 08:50:00 CEST.
Flavor | Version | Tinstall | Tcheck | Ttotal | Status | Flags |
---|---|---|---|---|---|---|
r-devel-linux-x86_64-debian-clang | 0.4.4 | 1.95 | 21.85 | 23.80 | NOTE | |
r-devel-linux-x86_64-debian-gcc | 0.4.4 | 1.24 | 17.08 | 18.32 | NOTE | |
r-devel-linux-x86_64-fedora-clang | 0.4.4 | 39.64 | NOTE | |||
r-devel-linux-x86_64-fedora-gcc | 0.4.4 | 37.61 | NOTE | |||
r-devel-windows-x86_64 | 0.4.4 | 8.00 | 46.00 | 54.00 | NOTE | |
r-patched-linux-x86_64 | 0.4.4 | 1.79 | 21.03 | 22.82 | NOTE | |
r-release-linux-x86_64 | 0.4.4 | 1.66 | 21.61 | 23.27 | NOTE | |
r-release-macos-arm64 | 0.4.4 | 16.00 | NOTE | |||
r-release-macos-x86_64 | 0.4.4 | 20.00 | NOTE | |||
r-release-windows-x86_64 | 0.4.4 | 12.00 | 46.00 | 58.00 | NOTE | |
r-oldrel-macos-arm64 | 0.4.4 | 17.00 | NOTE | |||
r-oldrel-macos-x86_64 | 0.4.4 | 25.00 | NOTE | |||
r-oldrel-windows-ix86+x86_64 | 0.4.4 | 7.00 | 39.00 | 46.00 | NOTE |
Version: 0.4.4
Check: LazyData
Result: NOTE
'LazyData' is specified without a 'data' directory
Flavors: r-devel-linux-x86_64-debian-clang, r-devel-linux-x86_64-debian-gcc, r-devel-linux-x86_64-fedora-clang, r-devel-linux-x86_64-fedora-gcc, r-devel-windows-x86_64, r-patched-linux-x86_64, r-release-linux-x86_64, r-release-macos-arm64, r-release-macos-x86_64, r-release-windows-x86_64, r-oldrel-macos-arm64, r-oldrel-macos-x86_64, r-oldrel-windows-ix86+x86_64