Last updated on 2022-08-15 08:50:00 CEST.
Flavor | Version | Tinstall | Tcheck | Ttotal | Status | Flags |
---|---|---|---|---|---|---|
r-devel-linux-x86_64-debian-clang | 0.7.0 | 64.12 | 156.90 | 221.02 | OK | |
r-devel-linux-x86_64-debian-gcc | 0.7.0 | 53.99 | 116.96 | 170.95 | OK | |
r-devel-linux-x86_64-fedora-clang | 0.7.0 | 289.36 | OK | |||
r-devel-linux-x86_64-fedora-gcc | 0.7.0 | 281.61 | OK | |||
r-devel-windows-x86_64 | 0.7.0 | 85.00 | 189.00 | 274.00 | OK | |
r-patched-linux-x86_64 | 0.7.0 | 59.60 | 142.87 | 202.47 | OK | |
r-release-linux-x86_64 | 0.7.0 | 57.49 | 144.69 | 202.18 | OK | |
r-release-macos-arm64 | 0.7.0 | 71.00 | OK | |||
r-release-macos-x86_64 | 0.7.0 | 97.00 | OK | |||
r-release-windows-x86_64 | 0.7.0 | 87.00 | 192.00 | 279.00 | OK | |
r-oldrel-macos-arm64 | 0.7.0 | 80.00 | NOTE | |||
r-oldrel-macos-x86_64 | 0.7.0 | 92.00 | OK | |||
r-oldrel-windows-ix86+x86_64 | 0.7.0 | 159.00 | 242.00 | 401.00 | OK |
Version: 0.7.0
Check: installed package size
Result: NOTE
installed size is 5.4Mb
sub-directories of 1Mb or more:
doc 1.5Mb
libs 3.4Mb
Flavor: r-oldrel-macos-arm64