Last updated on 2022-08-15 08:50:00 CEST.
Flavor | Version | Tinstall | Tcheck | Ttotal | Status | Flags |
---|---|---|---|---|---|---|
r-devel-linux-x86_64-debian-clang | 0.7.0 | 103.43 | 308.88 | 412.31 | OK | |
r-devel-linux-x86_64-debian-gcc | 0.7.0 | 92.22 | 230.59 | 322.81 | OK | |
r-devel-linux-x86_64-fedora-clang | 0.7.0 | 518.42 | OK | |||
r-devel-linux-x86_64-fedora-gcc | 0.7.0 | 553.11 | OK | |||
r-devel-windows-x86_64 | 0.7.0 | 133.00 | 360.00 | 493.00 | OK | |
r-patched-linux-x86_64 | 0.7.0 | 96.73 | 295.96 | 392.69 | OK | |
r-release-linux-x86_64 | 0.7.0 | 86.71 | 301.55 | 388.26 | OK | |
r-release-macos-arm64 | 0.7.0 | 136.00 | NOTE | |||
r-release-macos-x86_64 | 0.7.0 | 181.00 | NOTE | |||
r-release-windows-x86_64 | 0.7.0 | 132.00 | 385.00 | 517.00 | OK | |
r-oldrel-macos-arm64 | 0.7.0 | 157.00 | NOTE | |||
r-oldrel-macos-x86_64 | 0.7.0 | 258.00 | NOTE | |||
r-oldrel-windows-ix86+x86_64 | 0.7.0 | 235.00 | 507.00 | 742.00 | OK |
Version: 0.7.0
Check: installed package size
Result: NOTE
installed size is 15.1Mb
sub-directories of 1Mb or more:
libs 13.7Mb
Flavors: r-release-macos-arm64, r-release-macos-x86_64, r-oldrel-macos-arm64, r-oldrel-macos-x86_64