Last updated on 2022-08-15 08:50:00 CEST.
Flavor | Version | Tinstall | Tcheck | Ttotal | Status | Flags |
---|---|---|---|---|---|---|
r-devel-linux-x86_64-debian-clang | 0.3.2 | 2.90 | 89.32 | 92.22 | NOTE | |
r-devel-linux-x86_64-debian-gcc | 0.3.2 | 2.23 | 63.68 | 65.91 | NOTE | |
r-devel-linux-x86_64-fedora-clang | 0.3.2 | 116.59 | NOTE | |||
r-devel-linux-x86_64-fedora-gcc | 0.3.2 | 118.57 | NOTE | |||
r-devel-windows-x86_64 | 0.3.2 | 11.00 | 107.00 | 118.00 | NOTE | |
r-patched-linux-x86_64 | 0.3.2 | 2.21 | 85.16 | 87.37 | OK | |
r-release-linux-x86_64 | 0.3.2 | 1.73 | 86.07 | 87.80 | OK | |
r-release-macos-arm64 | 0.3.2 | 35.00 | OK | |||
r-release-macos-x86_64 | 0.3.2 | 69.00 | OK | |||
r-release-windows-x86_64 | 0.3.2 | 13.00 | 116.00 | 129.00 | OK | |
r-oldrel-macos-arm64 | 0.3.2 | 35.00 | OK | |||
r-oldrel-macos-x86_64 | 0.3.2 | 54.00 | OK | |||
r-oldrel-windows-ix86+x86_64 | 0.3.2 | 7.00 | 115.00 | 122.00 | OK |
Version: 0.3.2
Check: package subdirectories
Result: NOTE
Problems with news in 'NEWS.md':
Cannot extract version info from the following section titles:
Initial version.
Flavors: r-devel-linux-x86_64-debian-clang, r-devel-linux-x86_64-debian-gcc, r-devel-linux-x86_64-fedora-clang, r-devel-linux-x86_64-fedora-gcc, r-devel-windows-x86_64