Last updated on 2022-08-15 08:50:00 CEST.
Flavor | Version | Tinstall | Tcheck | Ttotal | Status | Flags |
---|---|---|---|---|---|---|
r-devel-linux-x86_64-debian-clang | 0.1.5 | 150.95 | 92.97 | 243.92 | OK | |
r-devel-linux-x86_64-debian-gcc | 0.1.5 | 118.91 | 64.30 | 183.21 | OK | |
r-devel-linux-x86_64-fedora-clang | 0.1.5 | 346.20 | OK | |||
r-devel-linux-x86_64-fedora-gcc | 0.1.5 | 326.07 | OK | |||
r-devel-windows-x86_64 | 0.1.5 | 231.00 | 139.00 | 370.00 | OK | |
r-patched-linux-x86_64 | 0.1.5 | 131.14 | 86.95 | 218.09 | OK | |
r-release-linux-x86_64 | 0.1.5 | 115.67 | 88.49 | 204.16 | OK | |
r-release-macos-arm64 | 0.1.5 | 85.00 | NOTE | |||
r-release-macos-x86_64 | 0.1.5 | 125.00 | NOTE | |||
r-release-windows-x86_64 | 0.1.5 | 132.00 | 141.00 | 273.00 | OK | |
r-oldrel-macos-arm64 | 0.1.5 | 87.00 | NOTE | |||
r-oldrel-macos-x86_64 | 0.1.5 | 98.00 | NOTE | |||
r-oldrel-windows-ix86+x86_64 | 0.1.5 | 359.00 | 224.00 | 583.00 | OK |
Version: 0.1.5
Check: installed package size
Result: NOTE
installed size is 11.2Mb
sub-directories of 1Mb or more:
libs 10.8Mb
Flavors: r-release-macos-arm64, r-release-macos-x86_64, r-oldrel-macos-arm64, r-oldrel-macos-x86_64