Last updated on 2022-08-15 08:50:00 CEST.
Flavor | Version | Tinstall | Tcheck | Ttotal | Status | Flags |
---|---|---|---|---|---|---|
r-devel-linux-x86_64-debian-clang | 1.2 | 5.66 | 38.03 | 43.69 | NOTE | |
r-devel-linux-x86_64-debian-gcc | 1.2 | 3.35 | 29.20 | 32.55 | NOTE | |
r-devel-linux-x86_64-fedora-clang | 1.2 | 63.22 | NOTE | |||
r-devel-linux-x86_64-fedora-gcc | 1.2 | 60.67 | NOTE | |||
r-devel-windows-x86_64 | 1.2 | 18.00 | 58.00 | 76.00 | NOTE | |
r-patched-linux-x86_64 | 1.2 | 3.31 | 35.93 | 39.24 | OK | |
r-release-linux-x86_64 | 1.2 | 5.29 | 36.02 | 41.31 | OK | |
r-release-macos-arm64 | 1.2 | 21.00 | OK | |||
r-release-macos-x86_64 | 1.2 | 27.00 | OK | |||
r-release-windows-x86_64 | 1.2 | 16.00 | 61.00 | 77.00 | OK | |
r-oldrel-macos-arm64 | 1.2 | 25.00 | OK | |||
r-oldrel-macos-x86_64 | 1.2 | 35.00 | OK | |||
r-oldrel-windows-ix86+x86_64 | 1.2 | 10.00 | 53.00 | 63.00 | OK |
Version: 1.2
Check: Rd files
Result: NOTE
checkRd: (-1) mriTest.Rd:9: Escaped LaTeX specials: \&
checkRd: (-1) riTest.Rd:9: Escaped LaTeX specials: \&
Flavors: r-devel-linux-x86_64-debian-clang, r-devel-linux-x86_64-debian-gcc, r-devel-linux-x86_64-fedora-clang, r-devel-linux-x86_64-fedora-gcc, r-devel-windows-x86_64