Last updated on 2022-08-15 08:50:01 CEST.
Flavor | Version | Tinstall | Tcheck | Ttotal | Status | Flags |
---|---|---|---|---|---|---|
r-devel-linux-x86_64-debian-clang | 2.7.3 | 404.32 | 427.45 | 831.77 | NOTE | |
r-devel-linux-x86_64-debian-gcc | 2.7.3 | 352.16 | 310.58 | 662.74 | NOTE | |
r-devel-linux-x86_64-fedora-clang | 2.7.3 | 1048.43 | NOTE | |||
r-devel-linux-x86_64-fedora-gcc | 2.7.3 | 1121.22 | NOTE | |||
r-devel-windows-x86_64 | 2.7.3 | 346.00 | 450.00 | 796.00 | NOTE | |
r-patched-linux-x86_64 | 2.7.3 | 351.22 | 401.66 | 752.88 | OK | |
r-release-linux-x86_64 | 2.7.3 | 322.02 | 409.42 | 731.44 | OK | |
r-release-macos-arm64 | 2.7.3 | 220.00 | NOTE | |||
r-release-macos-x86_64 | 2.7.3 | 359.00 | NOTE | |||
r-release-windows-x86_64 | 2.7.3 | 331.00 | 447.00 | 778.00 | OK | |
r-oldrel-macos-arm64 | 2.7.3 | 176.00 | NOTE | |||
r-oldrel-macos-x86_64 | 2.7.3 | 330.00 | NOTE | |||
r-oldrel-windows-ix86+x86_64 | 2.7.3 | 889.00 | 647.00 | 1536.00 | NOTE |
Version: 2.7.3
Check: Rd files
Result: NOTE
checkRd: (-1) hydraulics_supplyfunctions.Rd:32: Escaped LaTeX specials: \&
checkRd: (-1) hydraulics_supplyfunctions.Rd:218: Escaped LaTeX specials: \&
Flavors: r-devel-linux-x86_64-debian-clang, r-devel-linux-x86_64-debian-gcc, r-devel-linux-x86_64-fedora-clang, r-devel-linux-x86_64-fedora-gcc, r-devel-windows-x86_64
Version: 2.7.3
Check: installed package size
Result: NOTE
installed size is 5.1Mb
sub-directories of 1Mb or more:
libs 3.8Mb
Flavors: r-devel-linux-x86_64-fedora-clang, r-release-macos-arm64, r-release-macos-x86_64, r-oldrel-macos-arm64, r-oldrel-macos-x86_64, r-oldrel-windows-ix86+x86_64