Last updated on 2022-08-15 08:50:01 CEST.
Flavor | Version | Tinstall | Tcheck | Ttotal | Status | Flags |
---|---|---|---|---|---|---|
r-devel-linux-x86_64-debian-clang | 0.0.5 | 5.95 | 94.31 | 100.26 | NOTE | |
r-devel-linux-x86_64-debian-gcc | 0.0.5 | 4.21 | 67.72 | 71.93 | NOTE | |
r-devel-linux-x86_64-fedora-clang | 0.0.5 | 128.43 | NOTE | |||
r-devel-linux-x86_64-fedora-gcc | 0.0.5 | 116.19 | NOTE | |||
r-devel-windows-x86_64 | 0.0.5 | 22.00 | 128.00 | 150.00 | NOTE | |
r-patched-linux-x86_64 | 0.0.5 | 5.30 | 85.54 | 90.84 | NOTE | |
r-release-linux-x86_64 | 0.0.5 | 5.17 | 86.78 | 91.95 | NOTE | |
r-release-macos-arm64 | 0.0.5 | 90.00 | NOTE | |||
r-release-macos-x86_64 | 0.0.5 | 88.00 | NOTE | |||
r-release-windows-x86_64 | 0.0.5 | 29.00 | 139.00 | 168.00 | NOTE | |
r-oldrel-macos-arm64 | 0.0.5 | 90.00 | NOTE | |||
r-oldrel-macos-x86_64 | 0.0.5 | 95.00 | NOTE | |||
r-oldrel-windows-ix86+x86_64 | 0.0.5 | 15.00 | 127.00 | 142.00 | NOTE |
Version: 0.0.5
Check: LazyData
Result: NOTE
'LazyData' is specified without a 'data' directory
Flavors: r-devel-linux-x86_64-debian-clang, r-devel-linux-x86_64-debian-gcc, r-devel-linux-x86_64-fedora-clang, r-devel-linux-x86_64-fedora-gcc, r-devel-windows-x86_64, r-patched-linux-x86_64, r-release-linux-x86_64, r-release-macos-arm64, r-release-macos-x86_64, r-release-windows-x86_64, r-oldrel-macos-arm64, r-oldrel-macos-x86_64, r-oldrel-windows-ix86+x86_64
Version: 0.0.5
Check: dependencies in R code
Result: NOTE
Namespace in Imports field not imported from: ‘vroom’
All declared Imports should be used.
Flavors: r-devel-linux-x86_64-fedora-clang, r-devel-linux-x86_64-fedora-gcc, r-release-macos-arm64, r-release-macos-x86_64, r-oldrel-macos-arm64, r-oldrel-macos-x86_64