Last updated on 2022-08-15 08:50:01 CEST.
Flavor | Version | Tinstall | Tcheck | Ttotal | Status | Flags |
---|---|---|---|---|---|---|
r-devel-linux-x86_64-debian-clang | 1.0.0 | 40.22 | 65.74 | 105.96 | NOTE | |
r-devel-linux-x86_64-debian-gcc | 1.0.0 | 37.08 | 42.78 | 79.86 | NOTE | |
r-devel-linux-x86_64-fedora-clang | 1.0.0 | 152.30 | NOTE | |||
r-devel-linux-x86_64-fedora-gcc | 1.0.0 | 146.06 | NOTE | |||
r-devel-windows-x86_64 | 1.0.0 | 57.00 | 96.00 | 153.00 | OK | |
r-patched-linux-x86_64 | 1.0.0 | 38.37 | 54.51 | 92.88 | OK | |
r-release-linux-x86_64 | 1.0.0 | 38.23 | 54.78 | 93.01 | OK | |
r-release-macos-arm64 | 1.0.0 | 44.00 | NOTE | |||
r-release-macos-x86_64 | 1.0.0 | 64.00 | NOTE | |||
r-release-windows-x86_64 | 1.0.0 | 59.00 | 97.00 | 156.00 | OK | |
r-oldrel-macos-arm64 | 1.0.0 | 44.00 | NOTE | |||
r-oldrel-macos-x86_64 | 1.0.0 | 62.00 | NOTE | |||
r-oldrel-windows-ix86+x86_64 | 1.0.0 | 125.00 | 115.00 | 240.00 | OK |
Version: 1.0.0
Check: HTML version of manual
Result: NOTE
Found the following HTML validation problems:
callback.html:207:6: Warning: missing </span> before <p>
callback.html:207:94: Warning: inserting implicit <span>
callback.html:210:6: Warning: missing </span> before <p>
callback.html:210:93: Warning: inserting implicit <span>
callback.html:324:6: Warning: missing </span> before <p>
callback.html:324:95: Warning: inserting implicit <span>
callback.html:452:6: Warning: missing </span> before <p>
callback.html:452:95: Warning: inserting implicit <span>
callback.html:577:6: Warning: missing </span> before <p>
callback.html:577:95: Warning: inserting implicit <span>
callback.html:580:6: Warning: missing </span> before <p>
callback.html:580:94: Warning: inserting implicit <span>
callback.html:217:1: Warning: <a> anchor "method-new" already defined
callback.html:231:1: Warning: <a> anchor "method-receive" already defined
callback.html:245:1: Warning: <a> anchor "method-continue" already defined
callback.html:259:1: Warning: <a> anchor "method-clone" already defined
callback.html:331:1: Warning: <a> anchor "method-new" already defined
callback.html:345:1: Warning: <a> anchor "method-receive" already defined
callback.html:359:1: Warning: <a> anchor "method-result" already defined
callback.html:373:1: Warning: <a> anchor "method-finally" already defined
callback.html:387:1: Warning: <a> anchor "method-clone" already defined
callback.html:459:1: Warning: <a> anchor "method-new" already defined
callback.html:473:1: Warning: <a> anchor "method-receive" already defined
callback.html:487:1: Warning: <a> anchor "method-result" already defined
callback.html:501:1: Warning: <a> anchor "method-finally" already defined
callback.html:515:1: Warning: <a> anchor "method-clone" already defined
callback.html:587:1: Warning: <a> anchor "method-new" already defined
callback.html:601:1: Warning: <a> anchor "method-receive" already defined
callback.html:615:1: Warning: <a> anchor "method-result" already defined
callback.html:629:1: Warning: <a> anchor "method-clone" already defined
callback.html:207:6: Warning: trimming empty <span>
callback.html:210:6: Warning: trimming empty <span>
callback.html:324:6: Warning: trimming empty <span>
callback.html:452:6: Warning: trimming empty <span>
callback.html:577:6: Warning: trimming empty <span>
callback.html:580:6: Warning: trimming empty <span>
Flavors: r-devel-linux-x86_64-debian-clang, r-devel-linux-x86_64-debian-gcc, r-devel-linux-x86_64-fedora-clang, r-devel-linux-x86_64-fedora-gcc
Version: 1.0.0
Check: dependencies in R code
Result: NOTE
Namespaces in Imports field not imported from:
‘R6’ ‘rlang’
All declared Imports should be used.
Flavors: r-devel-linux-x86_64-fedora-clang, r-devel-linux-x86_64-fedora-gcc, r-release-macos-arm64, r-release-macos-x86_64, r-oldrel-macos-arm64, r-oldrel-macos-x86_64