Last updated on 2022-08-15 08:50:01 CEST.
Flavor | Version | Tinstall | Tcheck | Ttotal | Status | Flags |
---|---|---|---|---|---|---|
r-devel-linux-x86_64-debian-clang | 1.0.0 | 6.69 | 61.97 | 68.66 | NOTE | |
r-devel-linux-x86_64-debian-gcc | 1.0.0 | 5.43 | 48.31 | 53.74 | NOTE | |
r-devel-linux-x86_64-fedora-clang | 1.0.0 | 98.58 | NOTE | |||
r-devel-linux-x86_64-fedora-gcc | 1.0.0 | 94.21 | NOTE | |||
r-devel-windows-x86_64 | 1.0.0 | 15.00 | 80.00 | 95.00 | NOTE | |
r-patched-linux-x86_64 | 1.0.0 | 7.63 | 61.16 | 68.79 | NOTE | |
r-release-linux-x86_64 | 1.0.0 | 7.35 | 61.08 | 68.43 | NOTE | |
r-release-macos-arm64 | 1.0.0 | 28.00 | NOTE | |||
r-release-macos-x86_64 | 1.0.0 | 41.00 | NOTE | |||
r-release-windows-x86_64 | 1.0.0 | 15.00 | 82.00 | 97.00 | NOTE | |
r-oldrel-macos-arm64 | 1.0.0 | 33.00 | NOTE | |||
r-oldrel-macos-x86_64 | 1.0.0 | 54.00 | NOTE | |||
r-oldrel-windows-ix86+x86_64 | 1.0.0 | 16.00 | 76.00 | 92.00 | NOTE |
Version: 1.0.0
Check: LazyData
Result: NOTE
'LazyData' is specified without a 'data' directory
Flavors: r-devel-linux-x86_64-debian-clang, r-devel-linux-x86_64-debian-gcc, r-devel-linux-x86_64-fedora-clang, r-devel-linux-x86_64-fedora-gcc, r-devel-windows-x86_64, r-patched-linux-x86_64, r-release-linux-x86_64, r-release-macos-arm64, r-release-macos-x86_64, r-release-windows-x86_64, r-oldrel-macos-arm64, r-oldrel-macos-x86_64, r-oldrel-windows-ix86+x86_64