Last updated on 2022-08-15 08:50:01 CEST.
Flavor | Version | Tinstall | Tcheck | Ttotal | Status | Flags |
---|---|---|---|---|---|---|
r-devel-linux-x86_64-debian-clang | 3.1.3 | 4.69 | 45.66 | 50.35 | OK | |
r-devel-linux-x86_64-debian-gcc | 3.1.3 | 3.08 | 35.27 | 38.35 | OK | |
r-devel-linux-x86_64-fedora-clang | 3.1.3 | 75.99 | OK | |||
r-devel-linux-x86_64-fedora-gcc | 3.1.3 | 72.05 | OK | |||
r-devel-windows-x86_64 | 3.1.3 | 15.00 | 85.00 | 100.00 | OK | |
r-patched-linux-x86_64 | 3.1.3 | 2.79 | 43.51 | 46.30 | OK | |
r-release-linux-x86_64 | 3.1.3 | 3.40 | 44.98 | 48.38 | OK | |
r-release-macos-arm64 | 3.1.3 | 28.00 | NOTE | |||
r-release-macos-x86_64 | 3.1.3 | 34.00 | OK | |||
r-release-windows-x86_64 | 3.1.3 | 17.00 | 87.00 | 104.00 | OK | |
r-oldrel-macos-arm64 | 3.1.3 | 26.00 | NOTE | |||
r-oldrel-macos-x86_64 | 3.1.3 | 34.00 | OK | |||
r-oldrel-windows-ix86+x86_64 | 3.1.3 | 8.00 | 68.00 | 76.00 | OK |
Version: 3.1.3
Check: package dependencies
Result: NOTE
Packages suggested but not available for checking:
'hgu133a.db', 'hgu95av2.db'
Flavor: r-release-macos-arm64
Version: 3.1.3
Check: package dependencies
Result: NOTE
Package suggested but not available for checking: ‘hgu133a.db’
Flavor: r-oldrel-macos-arm64