Last updated on 2022-08-15 08:50:01 CEST.
Flavor | Version | Tinstall | Tcheck | Ttotal | Status | Flags |
---|---|---|---|---|---|---|
r-devel-linux-x86_64-debian-clang | 1.0.7 | 1.63 | 104.27 | 105.90 | OK | |
r-devel-linux-x86_64-debian-gcc | 1.0.7 | 1.80 | 74.36 | 76.16 | OK | |
r-devel-linux-x86_64-fedora-clang | 1.0.7 | 146.25 | OK | |||
r-devel-linux-x86_64-fedora-gcc | 1.0.7 | 141.29 | OK | |||
r-devel-windows-x86_64 | 1.0.7 | 18.00 | 53.00 | 71.00 | OK | --no-vignettes |
r-patched-linux-x86_64 | 1.0.7 | 2.75 | 96.12 | 98.87 | OK | |
r-release-linux-x86_64 | 1.0.7 | 1.79 | 98.71 | 100.50 | OK | |
r-release-macos-arm64 | 1.0.7 | 26.00 | NOTE | |||
r-release-macos-x86_64 | 1.0.7 | 80.00 | OK | |||
r-release-windows-x86_64 | 1.0.7 | 22.00 | 53.00 | 75.00 | OK | --no-vignettes |
r-oldrel-macos-arm64 | 1.0.7 | 67.00 | OK | |||
r-oldrel-macos-x86_64 | 1.0.7 | 85.00 | OK | |||
r-oldrel-windows-ix86+x86_64 | 1.0.7 | 6.00 | 54.00 | 60.00 | OK | --no-vignettes |
Version: 1.0.7
Check: package dependencies
Result: NOTE
Package suggested but not available for checking: ‘DESeq2’
Flavor: r-release-macos-arm64