Last updated on 2022-08-15 08:50:01 CEST.
Flavor | Version | Tinstall | Tcheck | Ttotal | Status | Flags |
---|---|---|---|---|---|---|
r-devel-linux-x86_64-debian-clang | 0.1.0 | 2.48 | 24.09 | 26.57 | OK | |
r-devel-linux-x86_64-debian-gcc | 0.1.0 | 2.06 | 18.53 | 20.59 | OK | |
r-devel-linux-x86_64-fedora-clang | 0.1.0 | 44.07 | NOTE | |||
r-devel-linux-x86_64-fedora-gcc | 0.1.0 | 43.02 | NOTE | |||
r-devel-windows-x86_64 | 0.1.0 | 21.00 | 47.00 | 68.00 | OK | |
r-patched-linux-x86_64 | 0.1.0 | 2.35 | 23.18 | 25.53 | OK | |
r-release-linux-x86_64 | 0.1.0 | 2.71 | 22.87 | 25.58 | OK | |
r-release-macos-arm64 | 0.1.0 | 16.00 | NOTE | |||
r-release-macos-x86_64 | 0.1.0 | 22.00 | NOTE | |||
r-release-windows-x86_64 | 0.1.0 | 12.00 | 45.00 | 57.00 | OK | |
r-oldrel-macos-arm64 | 0.1.0 | 19.00 | NOTE | |||
r-oldrel-macos-x86_64 | 0.1.0 | 25.00 | NOTE | |||
r-oldrel-windows-ix86+x86_64 | 0.1.0 | 6.00 | 43.00 | 49.00 | OK |
Version: 0.1.0
Check: dependencies in R code
Result: NOTE
Namespace in Imports field not imported from: ‘survival’
All declared Imports should be used.
Flavors: r-devel-linux-x86_64-fedora-clang, r-devel-linux-x86_64-fedora-gcc, r-release-macos-arm64, r-release-macos-x86_64, r-oldrel-macos-arm64, r-oldrel-macos-x86_64