Last updated on 2022-08-15 08:50:01 CEST.
Flavor | Version | Tinstall | Tcheck | Ttotal | Status | Flags |
---|---|---|---|---|---|---|
r-devel-linux-x86_64-debian-clang | 1.0.0 | 11.53 | 109.04 | 120.57 | NOTE | |
r-devel-linux-x86_64-debian-gcc | 1.0.0 | 7.77 | 76.42 | 84.19 | NOTE | |
r-devel-linux-x86_64-fedora-clang | 1.0.0 | 151.87 | NOTE | |||
r-devel-linux-x86_64-fedora-gcc | 1.0.0 | 138.25 | NOTE | |||
r-devel-windows-x86_64 | 1.0.0 | 86.00 | 130.00 | 216.00 | NOTE | |
r-patched-linux-x86_64 | 1.0.0 | 11.26 | 98.25 | 109.51 | NOTE | |
r-release-linux-x86_64 | 1.0.0 | 10.19 | 100.02 | 110.21 | NOTE | |
r-release-macos-arm64 | 1.0.0 | 41.00 | NOTE | |||
r-release-macos-x86_64 | 1.0.0 | 61.00 | NOTE | |||
r-release-windows-x86_64 | 1.0.0 | 110.00 | 138.00 | 248.00 | NOTE | |
r-oldrel-macos-arm64 | 1.0.0 | 41.00 | NOTE | |||
r-oldrel-macos-x86_64 | 1.0.0 | 56.00 | NOTE | |||
r-oldrel-windows-ix86+x86_64 | 1.0.0 | 23.00 | 126.00 | 149.00 | NOTE |
Version: 1.0.0
Check: package dependencies
Result: NOTE
Package suggested but not available for checking: 'genuMet'
Flavors: r-devel-linux-x86_64-debian-clang, r-devel-linux-x86_64-debian-gcc, r-devel-linux-x86_64-fedora-clang, r-devel-linux-x86_64-fedora-gcc, r-devel-windows-x86_64, r-patched-linux-x86_64, r-release-linux-x86_64, r-release-macos-arm64, r-release-macos-x86_64, r-release-windows-x86_64, r-oldrel-macos-arm64, r-oldrel-macos-x86_64, r-oldrel-windows-ix86+x86_64