Last updated on 2022-08-15 08:50:01 CEST.
Flavor | Version | Tinstall | Tcheck | Ttotal | Status | Flags |
---|---|---|---|---|---|---|
r-devel-linux-x86_64-debian-clang | 0.1-5 | 27.79 | 304.29 | 332.08 | NOTE | |
r-devel-linux-x86_64-debian-gcc | 0.1-5 | 26.89 | 225.20 | 252.09 | NOTE | |
r-devel-linux-x86_64-fedora-clang | 0.1-5 | 423.38 | NOTE | |||
r-devel-linux-x86_64-fedora-gcc | 0.1-5 | 402.83 | NOTE | |||
r-devel-windows-x86_64 | 0.1-5 | 33.00 | 301.00 | 334.00 | NOTE | |
r-patched-linux-x86_64 | 0.1-5 | 32.85 | 291.10 | 323.95 | OK | |
r-release-linux-x86_64 | 0.1-5 | 30.76 | 293.94 | 324.70 | OK | |
r-release-macos-arm64 | 0.1-5 | 86.00 | OK | |||
r-release-macos-x86_64 | 0.1-5 | 125.00 | OK | |||
r-release-windows-x86_64 | 0.1-5 | 37.00 | 300.00 | 337.00 | OK | |
r-oldrel-macos-arm64 | 0.1-5 | 61.00 | OK | |||
r-oldrel-macos-x86_64 | 0.1-5 | 103.00 | OK | |||
r-oldrel-windows-ix86+x86_64 | 0.1-5 | 67.00 | 306.00 | 373.00 | OK |
Version: 0.1-5
Check: Rd files
Result: NOTE
checkRd: (-1) dslp.Rd:11: Escaped LaTeX specials: \&
Flavors: r-devel-linux-x86_64-debian-clang, r-devel-linux-x86_64-debian-gcc, r-devel-linux-x86_64-fedora-clang, r-devel-linux-x86_64-fedora-gcc, r-devel-windows-x86_64