Last updated on 2022-08-15 08:50:01 CEST.
Flavor | Version | Tinstall | Tcheck | Ttotal | Status | Flags |
---|---|---|---|---|---|---|
r-devel-linux-x86_64-debian-clang | 1.0.2 | 127.87 | 419.21 | 547.08 | WARN | |
r-devel-linux-x86_64-debian-gcc | 1.0.2 | 100.59 | 302.32 | 402.91 | NOTE | |
r-devel-linux-x86_64-fedora-clang | 1.0.2 | 720.34 | WARN | |||
r-devel-linux-x86_64-fedora-gcc | 1.0.2 | 704.89 | NOTE | |||
r-devel-windows-x86_64 | 1.0.2 | 192.00 | 453.00 | 645.00 | NOTE | |
r-patched-linux-x86_64 | 1.0.2 | 124.73 | 392.37 | 517.10 | OK | |
r-release-linux-x86_64 | 1.0.2 | 86.28 | 395.36 | 481.64 | OK | |
r-release-macos-arm64 | 1.0.2 | 157.00 | NOTE | |||
r-release-macos-x86_64 | 1.0.2 | 247.00 | NOTE | |||
r-release-windows-x86_64 | 1.0.2 | 203.00 | 472.00 | 675.00 | OK | |
r-oldrel-macos-arm64 | 1.0.2 | 139.00 | NOTE | |||
r-oldrel-macos-x86_64 | 1.0.2 | 193.00 | NOTE | |||
r-oldrel-windows-ix86+x86_64 | 1.0.2 | 303.00 | 586.00 | 889.00 | NOTE |
Version: 1.0.2
Check: whether package can be installed
Result: WARN
Found the following significant warnings:
landutils.cpp:114:9: warning: use of bitwise '&' with boolean operands [-Wbitwise-instead-of-logical]
precipitation.cpp:136:21: warning: use of bitwise '|' with boolean operands [-Wbitwise-instead-of-logical]
relativehumidity.cpp:97:10: warning: use of bitwise '|' with boolean operands [-Wbitwise-instead-of-logical]
relativehumidity.cpp:114:10: warning: use of bitwise '|' with boolean operands [-Wbitwise-instead-of-logical]
relativehumidity.cpp:204:21: warning: use of bitwise '|' with boolean operands [-Wbitwise-instead-of-logical]
temperature.cpp:78:21: warning: use of bitwise '|' with boolean operands [-Wbitwise-instead-of-logical]
wind.cpp:70:10: warning: use of bitwise '&' with boolean operands [-Wbitwise-instead-of-logical]
wind.cpp:217:10: warning: use of bitwise '&' with boolean operands [-Wbitwise-instead-of-logical]
Flavors: r-devel-linux-x86_64-debian-clang, r-devel-linux-x86_64-fedora-clang
Version: 1.0.2
Check: Rd files
Result: NOTE
checkRd: (-1) penman.Rd:48: Escaped LaTeX specials: \&
Flavors: r-devel-linux-x86_64-debian-clang, r-devel-linux-x86_64-debian-gcc, r-devel-linux-x86_64-fedora-clang, r-devel-linux-x86_64-fedora-gcc, r-devel-windows-x86_64
Version: 1.0.2
Check: data for non-ASCII characters
Result: NOTE
Note: found 2 marked UTF-8 strings
Flavors: r-devel-linux-x86_64-fedora-clang, r-devel-linux-x86_64-fedora-gcc, r-release-macos-arm64, r-release-macos-x86_64, r-oldrel-macos-arm64, r-oldrel-macos-x86_64
Version: 1.0.2
Check: installed package size
Result: NOTE
installed size is 6.7Mb
sub-directories of 1Mb or more:
R 2.1Mb
libs 3.3Mb
Flavors: r-release-macos-arm64, r-release-macos-x86_64, r-oldrel-macos-arm64, r-oldrel-macos-x86_64, r-oldrel-windows-ix86+x86_64