Last updated on 2022-08-15 08:50:01 CEST.
Flavor | Version | Tinstall | Tcheck | Ttotal | Status | Flags |
---|---|---|---|---|---|---|
r-devel-linux-x86_64-debian-clang | 0.1.5 | 3.60 | 92.93 | 96.53 | NOTE | |
r-devel-linux-x86_64-debian-gcc | 0.1.5 | 3.27 | 68.59 | 71.86 | NOTE | |
r-devel-linux-x86_64-fedora-clang | 0.1.5 | 119.91 | NOTE | |||
r-devel-linux-x86_64-fedora-gcc | 0.1.5 | 132.10 | NOTE | |||
r-devel-windows-x86_64 | 0.1.5 | 23.00 | 127.00 | 150.00 | NOTE | |
r-patched-linux-x86_64 | 0.1.5 | 5.18 | 85.87 | 91.05 | NOTE | |
r-release-linux-x86_64 | 0.1.5 | 4.37 | 84.40 | 88.77 | NOTE | |
r-release-macos-arm64 | 0.1.5 | 36.00 | NOTE | |||
r-release-macos-x86_64 | 0.1.5 | 46.00 | NOTE | |||
r-release-windows-x86_64 | 0.1.5 | 21.00 | 129.00 | 150.00 | NOTE | |
r-oldrel-macos-arm64 | 0.1.5 | 40.00 | NOTE | |||
r-oldrel-macos-x86_64 | 0.1.5 | 69.00 | NOTE | |||
r-oldrel-windows-ix86+x86_64 | 0.1.5 | 11.00 | 114.00 | 125.00 | NOTE |
Version: 0.1.5
Check: package subdirectories
Result: NOTE
Problems with news in 'NEWS.md':
Cannot extract version info from the following section titles:
First release of mfe:
Flavors: r-devel-linux-x86_64-debian-clang, r-devel-linux-x86_64-debian-gcc, r-devel-linux-x86_64-fedora-clang, r-devel-linux-x86_64-fedora-gcc, r-devel-windows-x86_64
Version: 0.1.5
Check: LazyData
Result: NOTE
'LazyData' is specified without a 'data' directory
Flavors: r-devel-linux-x86_64-debian-clang, r-devel-linux-x86_64-debian-gcc, r-devel-linux-x86_64-fedora-clang, r-devel-linux-x86_64-fedora-gcc, r-devel-windows-x86_64, r-patched-linux-x86_64, r-release-linux-x86_64, r-release-macos-arm64, r-release-macos-x86_64, r-release-windows-x86_64, r-oldrel-macos-arm64, r-oldrel-macos-x86_64, r-oldrel-windows-ix86+x86_64
Version: 0.1.5
Check: dependencies in R code
Result: NOTE
Namespace in Imports field not imported from: ‘ECoL’
All declared Imports should be used.
Flavors: r-devel-linux-x86_64-fedora-clang, r-devel-linux-x86_64-fedora-gcc, r-release-macos-arm64, r-release-macos-x86_64, r-oldrel-macos-arm64, r-oldrel-macos-x86_64