Last updated on 2022-08-15 08:50:01 CEST.
Flavor | Version | Tinstall | Tcheck | Ttotal | Status | Flags |
---|---|---|---|---|---|---|
r-devel-linux-x86_64-debian-clang | 1.3.3 | 6.41 | 121.03 | 127.44 | NOTE | |
r-devel-linux-x86_64-debian-gcc | 1.3.3 | 4.03 | 89.96 | 93.99 | NOTE | |
r-devel-linux-x86_64-fedora-clang | 1.3.3 | 156.91 | NOTE | |||
r-devel-linux-x86_64-fedora-gcc | 1.3.3 | 165.03 | NOTE | |||
r-devel-windows-x86_64 | 1.3.3 | 16.00 | 149.00 | 165.00 | NOTE | |
r-patched-linux-x86_64 | 1.3.3 | 4.95 | 112.48 | 117.43 | NOTE | |
r-release-linux-x86_64 | 1.3.3 | 4.85 | 113.37 | 118.22 | NOTE | |
r-release-macos-arm64 | 1.3.3 | 47.00 | NOTE | |||
r-release-macos-x86_64 | 1.3.3 | 93.00 | NOTE | |||
r-release-windows-x86_64 | 1.3.3 | 16.00 | 151.00 | 167.00 | NOTE | |
r-oldrel-macos-arm64 | 1.3.3 | 48.00 | NOTE | |||
r-oldrel-macos-x86_64 | 1.3.3 | 71.00 | NOTE | |||
r-oldrel-windows-ix86+x86_64 | 1.3.3 | 17.00 | 143.00 | 160.00 | NOTE |
Version: 1.3.3
Check: LazyData
Result: NOTE
'LazyData' is specified without a 'data' directory
Flavors: r-devel-linux-x86_64-debian-clang, r-devel-linux-x86_64-debian-gcc, r-devel-linux-x86_64-fedora-clang, r-devel-linux-x86_64-fedora-gcc, r-devel-windows-x86_64, r-patched-linux-x86_64, r-release-linux-x86_64, r-release-macos-arm64, r-release-macos-x86_64, r-release-windows-x86_64, r-oldrel-macos-arm64, r-oldrel-macos-x86_64, r-oldrel-windows-ix86+x86_64