Last updated on 2022-08-15 08:50:01 CEST.
Flavor | Version | Tinstall | Tcheck | Ttotal | Status | Flags |
---|---|---|---|---|---|---|
r-devel-linux-x86_64-debian-clang | 1.0 | 3.73 | 65.59 | 69.32 | NOTE | |
r-devel-linux-x86_64-debian-gcc | 1.0 | 3.21 | 50.90 | 54.11 | NOTE | |
r-devel-linux-x86_64-fedora-clang | 1.0 | 95.47 | NOTE | |||
r-devel-linux-x86_64-fedora-gcc | 1.0 | 102.90 | NOTE | |||
r-devel-windows-x86_64 | 1.0 | 21.00 | 103.00 | 124.00 | OK | |
r-patched-linux-x86_64 | 1.0 | 4.65 | 62.72 | 67.37 | NOTE | |
r-release-linux-x86_64 | 1.0 | 3.70 | 62.60 | 66.30 | NOTE | |
r-release-macos-arm64 | 1.0 | 37.00 | NOTE | |||
r-release-macos-x86_64 | 1.0 | 51.00 | NOTE | |||
r-release-windows-x86_64 | 1.0 | 19.00 | 106.00 | 125.00 | OK | |
r-oldrel-macos-arm64 | 1.0 | 29.00 | NOTE | |||
r-oldrel-macos-x86_64 | 1.0 | 49.00 | NOTE | |||
r-oldrel-windows-ix86+x86_64 | 1.0 | 12.00 | 83.00 | 95.00 | OK |
Version: 1.0
Check: Rd cross-references
Result: NOTE
Package unavailable to check Rd xrefs: 'DAPAR'
Flavors: r-devel-linux-x86_64-debian-clang, r-devel-linux-x86_64-debian-gcc, r-devel-linux-x86_64-fedora-gcc, r-patched-linux-x86_64, r-release-linux-x86_64, r-release-macos-arm64, r-release-macos-x86_64, r-oldrel-macos-arm64, r-oldrel-macos-x86_64
Version: 1.0
Check: package dependencies
Result: NOTE
Package suggested but not available for checking: ‘ProteoMM’
Flavors: r-devel-linux-x86_64-fedora-clang, r-devel-linux-x86_64-fedora-gcc, r-release-macos-arm64, r-release-macos-x86_64, r-oldrel-macos-arm64, r-oldrel-macos-x86_64
Version: 1.0
Check: Rd cross-references
Result: NOTE
Undeclared package ‘DAPAR’ in Rd xrefs
Package unavailable to check Rd xrefs: ‘DAPAR’
Flavor: r-devel-linux-x86_64-fedora-clang