Last updated on 2022-08-15 08:50:01 CEST.
Flavor | Version | Tinstall | Tcheck | Ttotal | Status | Flags |
---|---|---|---|---|---|---|
r-devel-linux-x86_64-debian-clang | 2.0 | 37.02 | 326.35 | 363.37 | OK | |
r-devel-linux-x86_64-debian-gcc | 2.0 | 29.28 | 238.84 | 268.12 | OK | |
r-devel-linux-x86_64-fedora-clang | 2.0 | 444.62 | OK | |||
r-devel-linux-x86_64-fedora-gcc | 2.0 | 429.18 | OK | |||
r-devel-windows-x86_64 | 2.0 | 43.00 | 326.00 | 369.00 | OK | |
r-patched-linux-x86_64 | 2.0 | 30.70 | 301.40 | 332.10 | OK | |
r-release-linux-x86_64 | 2.0 | 24.82 | 301.52 | 326.34 | OK | |
r-release-macos-arm64 | 2.0 | 135.00 | OK | |||
r-release-macos-x86_64 | 2.0 | 8.00 | ERROR | |||
r-release-windows-x86_64 | 2.0 | 50.00 | 338.00 | 388.00 | OK | |
r-oldrel-macos-arm64 | 2.0 | 121.00 | OK | |||
r-oldrel-macos-x86_64 | 2.0 | 11.00 | ERROR | |||
r-oldrel-windows-ix86+x86_64 | 2.0 | 73.00 | 311.00 | 384.00 | OK |
Version: 2.0
Check: package dependencies
Result: ERROR
Package required but not available: ‘GlobalAncova’
See section ‘The DESCRIPTION file’ in the ‘Writing R Extensions’
manual.
Flavors: r-release-macos-x86_64, r-oldrel-macos-x86_64