Last updated on 2022-08-15 08:50:01 CEST.
Flavor | Version | Tinstall | Tcheck | Ttotal | Status | Flags |
---|---|---|---|---|---|---|
r-devel-linux-x86_64-debian-clang | 1.8.0 | 15.48 | 122.14 | 137.62 | NOTE | |
r-devel-linux-x86_64-debian-gcc | 1.8.0 | 12.49 | 89.86 | 102.35 | NOTE | |
r-devel-linux-x86_64-fedora-clang | 1.8.0 | 175.15 | NOTE | |||
r-devel-linux-x86_64-fedora-gcc | 1.8.0 | 167.87 | NOTE | |||
r-devel-windows-x86_64 | 1.8.0 | 19.00 | 135.00 | 154.00 | NOTE | |
r-patched-linux-x86_64 | 1.8.0 | 22.08 | 113.31 | 135.39 | OK | |
r-release-linux-x86_64 | 1.8.0 | 15.57 | 116.16 | 131.73 | OK | |
r-release-macos-arm64 | 1.8.0 | 45.00 | OK | |||
r-release-macos-x86_64 | 1.8.0 | 77.00 | OK | |||
r-release-windows-x86_64 | 1.8.0 | 23.00 | 136.00 | 159.00 | OK | |
r-oldrel-macos-arm64 | 1.8.0 | 47.00 | OK | |||
r-oldrel-macos-x86_64 | 1.8.0 | 58.00 | OK | |||
r-oldrel-windows-ix86+x86_64 | 1.8.0 | 34.00 | 136.00 | 170.00 | OK |
Version: 1.8.0
Check: Rd files
Result: NOTE
checkRd: (-1) IPDNa.Rd:42: Escaped LaTeX specials: \&
Flavors: r-devel-linux-x86_64-debian-clang, r-devel-linux-x86_64-debian-gcc, r-devel-linux-x86_64-fedora-clang, r-devel-linux-x86_64-fedora-gcc, r-devel-windows-x86_64