Last updated on 2022-08-15 08:50:01 CEST.
Flavor | Version | Tinstall | Tcheck | Ttotal | Status | Flags |
---|---|---|---|---|---|---|
r-devel-linux-x86_64-debian-clang | 0.0.20 | 52.41 | 526.35 | 578.76 | OK | |
r-devel-linux-x86_64-debian-gcc | 0.0.20 | 41.75 | 393.23 | 434.98 | OK | |
r-devel-linux-x86_64-fedora-clang | 0.0.20 | 708.15 | NOTE | |||
r-devel-linux-x86_64-fedora-gcc | 0.0.20 | 719.93 | NOTE | |||
r-devel-windows-x86_64 | 0.0.20 | 68.00 | 522.00 | 590.00 | OK | |
r-patched-linux-x86_64 | 0.0.20 | 46.67 | 500.98 | 547.65 | OK | |
r-release-linux-x86_64 | 0.0.20 | 47.79 | 500.47 | 548.26 | OK | |
r-release-macos-arm64 | 0.0.20 | 158.00 | NOTE | |||
r-release-macos-x86_64 | 0.0.20 | 298.00 | NOTE | |||
r-release-windows-x86_64 | 0.0.20 | 62.00 | 516.00 | 578.00 | OK | |
r-oldrel-macos-arm64 | 0.0.20 | 107.00 | NOTE | |||
r-oldrel-macos-x86_64 | 0.0.20 | 232.00 | NOTE | |||
r-oldrel-windows-ix86+x86_64 | 0.0.20 | 106.00 | 521.00 | 627.00 | OK |
Version: 0.0.20
Check: dependencies in R code
Result: NOTE
Namespace in Imports field not imported from: ‘testthat’
All declared Imports should be used.
Flavors: r-devel-linux-x86_64-fedora-clang, r-devel-linux-x86_64-fedora-gcc, r-release-macos-arm64, r-release-macos-x86_64, r-oldrel-macos-arm64, r-oldrel-macos-x86_64
Version: 0.0.20
Check: package dependencies
Result: NOTE
Package suggested but not available for checking: ‘dada2’
Flavors: r-release-macos-arm64, r-oldrel-macos-arm64
Version: 0.0.20
Check: package dependencies
Result: NOTE
Packages suggested but not available for checking: 'dada2', 'DECIPHER'
Flavor: r-oldrel-macos-x86_64