Last updated on 2022-08-15 08:50:01 CEST.
Flavor | Version | Tinstall | Tcheck | Ttotal | Status | Flags |
---|---|---|---|---|---|---|
r-devel-linux-x86_64-debian-clang | 1.3.7 | 83.03 | 77.74 | 160.77 | OK | |
r-devel-linux-x86_64-debian-gcc | 1.3.7 | 70.06 | 59.49 | 129.55 | OK | |
r-devel-linux-x86_64-fedora-clang | 1.3.7 | 233.00 | NOTE | |||
r-devel-linux-x86_64-fedora-gcc | 1.3.7 | 217.75 | OK | |||
r-devel-windows-x86_64 | 1.3.7 | 534.00 | 131.00 | 665.00 | NOTE | |
r-patched-linux-x86_64 | 1.3.7 | 83.21 | 74.64 | 157.85 | OK | |
r-release-linux-x86_64 | 1.3.7 | 72.58 | 74.34 | 146.92 | OK | |
r-release-macos-arm64 | 1.3.7 | 58.00 | NOTE | |||
r-release-macos-x86_64 | 1.3.7 | 80.00 | NOTE | |||
r-release-windows-x86_64 | 1.3.7 | 565.00 | 132.00 | 697.00 | NOTE | |
r-oldrel-macos-arm64 | 1.3.7 | 57.00 | NOTE | |||
r-oldrel-macos-x86_64 | 1.3.7 | 75.00 | NOTE | |||
r-oldrel-windows-ix86+x86_64 | 1.3.7 | 217.00 | 125.00 | 342.00 | NOTE |
Version: 1.3.7
Check: installed package size
Result: NOTE
installed size is 8.4Mb
sub-directories of 1Mb or more:
doc 6.0Mb
lib 1.3Mb
Flavors: r-devel-linux-x86_64-fedora-clang, r-devel-windows-x86_64, r-release-macos-arm64, r-release-macos-x86_64, r-release-windows-x86_64, r-oldrel-macos-arm64, r-oldrel-macos-x86_64, r-oldrel-windows-ix86+x86_64