Last updated on 2022-08-15 08:50:01 CEST.
Flavor | Version | Tinstall | Tcheck | Ttotal | Status | Flags |
---|---|---|---|---|---|---|
r-devel-linux-x86_64-debian-clang | 1.0.0 | 8.90 | 65.56 | 74.46 | OK | |
r-devel-linux-x86_64-debian-gcc | 1.0.0 | 7.51 | 48.53 | 56.04 | OK | |
r-devel-linux-x86_64-fedora-clang | 1.0.0 | 97.93 | OK | |||
r-devel-linux-x86_64-fedora-gcc | 1.0.0 | 94.08 | OK | |||
r-devel-windows-x86_64 | 1.0.0 | 23.00 | 94.00 | 117.00 | OK | |
r-patched-linux-x86_64 | 1.0.0 | 7.06 | 60.49 | 67.55 | OK | |
r-release-linux-x86_64 | 1.0.0 | 7.68 | 60.78 | 68.46 | OK | |
r-release-macos-arm64 | 1.0.0 | 28.00 | NOTE | |||
r-release-macos-x86_64 | 1.0.0 | 52.00 | OK | |||
r-release-windows-x86_64 | 1.0.0 | 22.00 | 87.00 | 109.00 | OK | |
r-oldrel-macos-arm64 | 1.0.0 | 36.00 | NOTE | |||
r-oldrel-macos-x86_64 | 1.0.0 | 48.00 | OK | |||
r-oldrel-windows-ix86+x86_64 | 1.0.0 | 19.00 | 86.00 | 105.00 | OK |
Version: 1.0.0
Check: installed package size
Result: NOTE
installed size is 5.1Mb
sub-directories of 1Mb or more:
data 5.0Mb
Flavors: r-release-macos-arm64, r-oldrel-macos-arm64