Last updated on 2022-08-15 08:50:01 CEST.
Flavor | Version | Tinstall | Tcheck | Ttotal | Status | Flags |
---|---|---|---|---|---|---|
r-devel-linux-x86_64-debian-clang | 1.0-3 | 64.13 | 34.98 | 99.11 | OK | |
r-devel-linux-x86_64-debian-gcc | 1.0-3 | 52.17 | 28.15 | 80.32 | OK | |
r-devel-linux-x86_64-fedora-clang | 1.0-3 | 143.84 | OK | |||
r-devel-linux-x86_64-fedora-gcc | 1.0-3 | 151.73 | OK | |||
r-devel-windows-x86_64 | 1.0-3 | 49.00 | 92.00 | 141.00 | OK | |
r-patched-linux-x86_64 | 1.0-3 | 58.33 | 36.03 | 94.36 | OK | |
r-release-linux-x86_64 | 1.0-3 | 59.58 | 36.72 | 96.30 | OK | |
r-release-macos-arm64 | 1.0-3 | 36.00 | NOTE | |||
r-release-macos-x86_64 | 1.0-3 | 54.00 | NOTE | |||
r-release-windows-x86_64 | 1.0-3 | 53.00 | 87.00 | 140.00 | OK | |
r-oldrel-macos-arm64 | 1.0-3 | 34.00 | NOTE | |||
r-oldrel-macos-x86_64 | 1.0-3 | 52.00 | NOTE | |||
r-oldrel-windows-ix86+x86_64 | 1.0-3 | 152.00 | 98.00 | 250.00 | OK |
Version: 1.0-3
Check: installed package size
Result: NOTE
installed size is 22.3Mb
sub-directories of 1Mb or more:
libs 22.2Mb
Flavors: r-release-macos-arm64, r-release-macos-x86_64, r-oldrel-macos-arm64, r-oldrel-macos-x86_64