Last updated on 2022-08-15 08:50:01 CEST.
Flavor | Version | Tinstall | Tcheck | Ttotal | Status | Flags |
---|---|---|---|---|---|---|
r-devel-linux-x86_64-debian-clang | 0.2 | 14.24 | 113.64 | 127.88 | OK | |
r-devel-linux-x86_64-debian-gcc | 0.2 | 11.42 | 84.94 | 96.36 | OK | |
r-devel-linux-x86_64-fedora-clang | 0.2 | 161.29 | NOTE | |||
r-devel-linux-x86_64-fedora-gcc | 0.2 | 169.12 | NOTE | |||
r-devel-windows-x86_64 | 0.2 | 37.00 | 140.00 | 177.00 | OK | |
r-patched-linux-x86_64 | 0.2 | 13.19 | 105.82 | 119.01 | OK | |
r-release-linux-x86_64 | 0.2 | 12.15 | 106.36 | 118.51 | OK | |
r-release-macos-arm64 | 0.2 | 45.00 | NOTE | |||
r-release-macos-x86_64 | 0.2 | 79.00 | NOTE | |||
r-release-windows-x86_64 | 0.2 | 54.00 | 142.00 | 196.00 | OK | |
r-oldrel-macos-arm64 | 0.2 | 50.00 | NOTE | |||
r-oldrel-macos-x86_64 | 0.2 | 86.00 | NOTE | |||
r-oldrel-windows-ix86+x86_64 | 0.2 | 30.00 | 132.00 | 162.00 | OK |
Version: 0.2
Check: dependencies in R code
Result: NOTE
Namespaces in Imports field not imported from:
‘markdown’ ‘metafor’
All declared Imports should be used.
Flavors: r-devel-linux-x86_64-fedora-clang, r-devel-linux-x86_64-fedora-gcc, r-release-macos-arm64, r-release-macos-x86_64, r-oldrel-macos-arm64, r-oldrel-macos-x86_64