Last updated on 2022-08-15 08:50:01 CEST.
Flavor | Version | Tinstall | Tcheck | Ttotal | Status | Flags |
---|---|---|---|---|---|---|
r-devel-linux-x86_64-debian-clang | 0.1.1.1 | 4.18 | 37.02 | 41.20 | NOTE | |
r-devel-linux-x86_64-debian-gcc | 0.1.1.1 | 1.97 | 29.03 | 31.00 | NOTE | |
r-devel-linux-x86_64-fedora-clang | 0.1.1.1 | 60.50 | NOTE | |||
r-devel-linux-x86_64-fedora-gcc | 0.1.1.1 | 59.45 | NOTE | |||
r-devel-windows-x86_64 | 0.1.1.1 | 14.00 | 65.00 | 79.00 | NOTE | |
r-patched-linux-x86_64 | 0.1.1.1 | 6.84 | 36.55 | 43.39 | NOTE | |
r-release-linux-x86_64 | 0.1.1.1 | 3.42 | 36.60 | 40.02 | NOTE | |
r-release-macos-arm64 | 0.1.1.1 | 20.00 | NOTE | |||
r-release-macos-x86_64 | 0.1.1.1 | 26.00 | NOTE | |||
r-release-windows-x86_64 | 0.1.1.1 | 10.00 | 63.00 | 73.00 | NOTE | |
r-oldrel-macos-arm64 | 0.1.1.1 | 23.00 | NOTE | |||
r-oldrel-macos-x86_64 | 0.1.1.1 | 37.00 | NOTE | |||
r-oldrel-windows-ix86+x86_64 | 0.1.1.1 | 10.00 | 55.00 | 65.00 | NOTE |
Version: 0.1.1.1
Check: LazyData
Result: NOTE
'LazyData' is specified without a 'data' directory
Flavors: r-devel-linux-x86_64-debian-clang, r-devel-linux-x86_64-debian-gcc, r-devel-linux-x86_64-fedora-clang, r-devel-linux-x86_64-fedora-gcc, r-devel-windows-x86_64, r-patched-linux-x86_64, r-release-linux-x86_64, r-release-macos-arm64, r-release-macos-x86_64, r-release-windows-x86_64, r-oldrel-macos-arm64, r-oldrel-macos-x86_64, r-oldrel-windows-ix86+x86_64