Last updated on 2022-08-15 08:50:01 CEST.
Flavor | Version | Tinstall | Tcheck | Ttotal | Status | Flags |
---|---|---|---|---|---|---|
r-devel-linux-x86_64-debian-clang | 0.1.5 | 73.07 | 32.40 | 105.47 | OK | |
r-devel-linux-x86_64-debian-gcc | 0.1.5 | 55.96 | 25.40 | 81.36 | OK | |
r-devel-linux-x86_64-fedora-clang | 0.1.5 | 165.34 | NOTE | |||
r-devel-linux-x86_64-fedora-gcc | 0.1.5 | 160.35 | NOTE | |||
r-devel-windows-x86_64 | 0.1.5 | 191.00 | 78.00 | 269.00 | OK | |
r-patched-linux-x86_64 | 0.1.5 | 71.28 | 31.14 | 102.42 | OK | |
r-release-linux-x86_64 | 0.1.5 | 57.25 | 31.89 | 89.14 | OK | |
r-release-macos-arm64 | 0.1.5 | 38.00 | NOTE | |||
r-release-macos-x86_64 | 0.1.5 | 61.00 | NOTE | |||
r-release-windows-x86_64 | 0.1.5 | 82.00 | 79.00 | 161.00 | OK | |
r-oldrel-macos-arm64 | 0.1.5 | 43.00 | NOTE | |||
r-oldrel-macos-x86_64 | 0.1.5 | 52.00 | NOTE | |||
r-oldrel-windows-ix86+x86_64 | 0.1.5 | 187.00 | 80.00 | 267.00 | OK |
Version: 0.1.5
Check: dependencies in R code
Result: NOTE
Namespaces in Imports field not imported from:
‘DiceDesign’ ‘MaxPro’ ‘doSNOW’ ‘gmp’ ‘jpeg’
All declared Imports should be used.
Flavors: r-devel-linux-x86_64-fedora-clang, r-devel-linux-x86_64-fedora-gcc, r-release-macos-arm64, r-release-macos-x86_64, r-oldrel-macos-arm64, r-oldrel-macos-x86_64