Last updated on 2022-08-15 08:50:01 CEST.
Flavor | Version | Tinstall | Tcheck | Ttotal | Status | Flags |
---|---|---|---|---|---|---|
r-devel-linux-x86_64-debian-clang | 0.8-2 | 2.80 | 85.35 | 88.15 | NOTE | |
r-devel-linux-x86_64-debian-gcc | 0.8-2 | 2.53 | 63.43 | 65.96 | NOTE | |
r-devel-linux-x86_64-fedora-clang | 0.8-2 | 119.09 | NOTE | |||
r-devel-linux-x86_64-fedora-gcc | 0.8-2 | 113.27 | NOTE | |||
r-devel-windows-x86_64 | 0.8-2 | 21.00 | 139.00 | 160.00 | NOTE | |
r-patched-linux-x86_64 | 0.8-2 | 3.09 | 82.53 | 85.62 | OK | |
r-release-linux-x86_64 | 0.8-2 | 3.04 | 82.27 | 85.31 | OK | |
r-release-macos-arm64 | 0.8-2 | 36.00 | OK | |||
r-release-macos-x86_64 | 0.8-2 | 52.00 | OK | |||
r-release-windows-x86_64 | 0.8-2 | 23.00 | 139.00 | 162.00 | OK | |
r-oldrel-macos-arm64 | 0.8-2 | 35.00 | OK | |||
r-oldrel-macos-x86_64 | 0.8-2 | 50.00 | OK | |||
r-oldrel-windows-ix86+x86_64 | 0.8-2 | 7.00 | 137.00 | 144.00 | OK |
Version: 0.8-2
Check: package subdirectories
Result: NOTE
Problems with news in 'NEWS.md':
No news entries found.
Flavors: r-devel-linux-x86_64-debian-clang, r-devel-linux-x86_64-debian-gcc, r-devel-linux-x86_64-fedora-clang, r-devel-linux-x86_64-fedora-gcc, r-devel-windows-x86_64