Last updated on 2022-08-15 08:50:01 CEST.
Flavor | Version | Tinstall | Tcheck | Ttotal | Status | Flags |
---|---|---|---|---|---|---|
r-devel-linux-x86_64-debian-clang | 1.4.0 | 55.61 | 34.43 | 90.04 | NOTE | |
r-devel-linux-x86_64-debian-gcc | 1.4.0 | 52.65 | 25.59 | 78.24 | NOTE | |
r-devel-linux-x86_64-fedora-clang | 1.4.0 | 151.38 | NOTE | |||
r-devel-linux-x86_64-fedora-gcc | 1.4.0 | 140.98 | NOTE | |||
r-devel-windows-x86_64 | 1.4.0 | 62.00 | 81.00 | 143.00 | NOTE | |
r-patched-linux-x86_64 | 1.4.0 | 58.43 | 32.37 | 90.80 | OK | |
r-release-linux-x86_64 | 1.4.0 | 57.63 | 32.00 | 89.63 | OK | |
r-release-macos-arm64 | 1.4.0 | 36.00 | OK | |||
r-release-macos-x86_64 | 1.4.0 | 48.00 | OK | |||
r-release-windows-x86_64 | 1.4.0 | 64.00 | 84.00 | 148.00 | OK | |
r-oldrel-macos-arm64 | 1.4.0 | 40.00 | OK | |||
r-oldrel-macos-x86_64 | 1.4.0 | 68.00 | OK | |||
r-oldrel-windows-ix86+x86_64 | 1.4.0 | 163.00 | 103.00 | 266.00 | OK |
Version: 1.4.0
Check: package subdirectories
Result: NOTE
Problems with news in 'NEWS.md':
No news entries found.
Flavors: r-devel-linux-x86_64-debian-clang, r-devel-linux-x86_64-debian-gcc, r-devel-linux-x86_64-fedora-clang, r-devel-linux-x86_64-fedora-gcc, r-devel-windows-x86_64