Last updated on 2022-08-15 08:50:01 CEST.
Flavor | Version | Tinstall | Tcheck | Ttotal | Status | Flags |
---|---|---|---|---|---|---|
r-devel-linux-x86_64-debian-clang | 0.9-1 | 5.01 | 48.30 | 53.31 | OK | |
r-devel-linux-x86_64-debian-gcc | 0.9-1 | 4.59 | 37.96 | 42.55 | OK | |
r-devel-linux-x86_64-fedora-clang | 0.9-1 | 77.52 | NOTE | |||
r-devel-linux-x86_64-fedora-gcc | 0.9-1 | 75.91 | OK | |||
r-devel-windows-x86_64 | 0.9-1 | 19.00 | 100.00 | 119.00 | OK | |
r-patched-linux-x86_64 | 0.9-1 | 7.08 | 50.53 | 57.61 | OK | |
r-release-linux-x86_64 | 0.9-1 | 6.63 | 52.07 | 58.70 | OK | |
r-release-macos-arm64 | 0.9-1 | 50.00 | OK | |||
r-release-macos-x86_64 | 0.9-1 | 53.00 | OK | |||
r-release-windows-x86_64 | 0.9-1 | 19.00 | 84.00 | 103.00 | OK | |
r-oldrel-macos-arm64 | 0.9-1 | 48.00 | OK | |||
r-oldrel-macos-x86_64 | 0.9-1 | 48.00 | OK | |||
r-oldrel-windows-ix86+x86_64 | 0.9-1 | 11.00 | 83.00 | 94.00 | OK |
Version: 0.9-1
Check: Rd cross-references
Result: NOTE
Undeclared package ‘scatterplot3d’ in Rd xrefs
Flavor: r-devel-linux-x86_64-fedora-clang