Last updated on 2022-08-15 08:50:01 CEST.
Flavor | Version | Tinstall | Tcheck | Ttotal | Status | Flags |
---|---|---|---|---|---|---|
r-devel-linux-x86_64-debian-clang | 0.1.1 | 4.17 | 34.74 | 38.91 | OK | --no-vignettes |
r-devel-linux-x86_64-debian-gcc | 0.1.1 | 3.55 | 26.10 | 29.65 | OK | --no-vignettes |
r-devel-linux-x86_64-fedora-clang | 0.1.1 | 993.00 | NOTE | |||
r-devel-linux-x86_64-fedora-gcc | 0.1.1 | 1024.56 | OK | |||
r-devel-windows-x86_64 | 0.1.1 | 24.00 | 57.00 | 81.00 | OK | --no-vignettes |
r-patched-linux-x86_64 | 0.1.1 | 4.01 | 32.04 | 36.05 | OK | --no-vignettes |
r-release-linux-x86_64 | 0.1.1 | 3.97 | 32.57 | 36.54 | OK | --no-vignettes |
r-release-macos-arm64 | 0.1.1 | 265.00 | OK | |||
r-release-macos-x86_64 | 0.1.1 | 335.00 | OK | |||
r-release-windows-x86_64 | 0.1.1 | 20.00 | 56.00 | 76.00 | OK | --no-vignettes |
r-oldrel-macos-arm64 | 0.1.1 | 304.00 | OK | |||
r-oldrel-macos-x86_64 | 0.1.1 | 513.00 | OK | |||
r-oldrel-windows-ix86+x86_64 | 0.1.1 | 8.00 | 62.00 | 70.00 | OK | --no-vignettes |
Version: 0.1.1
Check: Rd cross-references
Result: NOTE
Undeclared package ‘list’ in Rd xrefs
Flavor: r-devel-linux-x86_64-fedora-clang