Last updated on 2022-08-15 08:50:01 CEST.
Flavor | Version | Tinstall | Tcheck | Ttotal | Status | Flags |
---|---|---|---|---|---|---|
r-devel-linux-x86_64-debian-clang | 2.7 | 0.30 | 3.20 | 3.50 | ERROR | |
r-devel-linux-x86_64-debian-gcc | 2.7 | 35.01 | 105.20 | 140.21 | OK | |
r-devel-linux-x86_64-fedora-clang | 2.7 | 242.66 | OK | |||
r-devel-linux-x86_64-fedora-gcc | 2.7 | 251.04 | OK | |||
r-devel-windows-x86_64 | 2.7 | 71.00 | 176.00 | 247.00 | OK | |
r-patched-linux-x86_64 | 2.7 | 44.60 | 132.53 | 177.13 | OK | |
r-release-linux-x86_64 | 2.7 | 42.47 | 134.55 | 177.02 | OK | |
r-release-macos-arm64 | 2.7 | 70.00 | OK | |||
r-release-macos-x86_64 | 2.7 | 106.00 | OK | |||
r-release-windows-x86_64 | 2.7 | 66.00 | 187.00 | 253.00 | OK | |
r-oldrel-macos-arm64 | 2.7 | 73.00 | OK | |||
r-oldrel-macos-x86_64 | 2.7 | 120.00 | OK | |||
r-oldrel-windows-ix86+x86_64 | 2.7 | 112.00 | 227.00 | 339.00 | OK |
Version: 2.7
Check: package dependencies
Result: ERROR
Package required but not available: 'relsurv'
See section 'The DESCRIPTION file' in the 'Writing R Extensions'
manual.
Flavor: r-devel-linux-x86_64-debian-clang